000
CDUS41 KGYX 232044
CLIAUG


CLIMATE REPORT
NATIONAL WEATHER SERVICE GRAY ME
444 PM EDT MON APR 23 2018


...................................

...THE AUGUSTA CLIMATE SUMMARY FOR APRIL 23 2018...
VALID TODAY AS OF 0400 PM LOCAL TIME.

CLIMATE NORMAL PERIOD 1981 TO 2010
CLIMATE RECORD PERIOD 1948 TO 2018


WEATHER ITEM   OBSERVED TIME   RECORD YEAR NORMAL DEPARTURE LAST
                VALUE   (LST)  VALUE       VALUE  FROM      YEAR
                                                  NORMAL
..................................................................
TEMPERATURE (F)
 TODAY
  MAXIMUM         65    300 PM  84    2007  57      8       63
  MINIMUM         32        MM  26    1989  37     -5       35
  AVERAGE         49                        47      2       49

PRECIPITATION (IN)
  TODAY            0.00          2.95 2012   0.12  -0.12     0.00
  MONTH TO DATE    2.31                      2.88  -0.57     2.58
  SINCE MAR 1      4.86                      6.25  -1.39     6.07
  SINCE JAN 1     11.85                     11.29   0.56    12.55

DEGREE DAYS
 HEATING
  TODAY           16                        18     -2       16
  MONTH TO DATE  613                       519     94      470
  SINCE MAR 1   1611                      1545     66     1662
  SINCE JUL 1   6597                      6888   -291     6474

 COOLING
  TODAY            0                         0      0        0
  MONTH TO DATE    0                         0      0        0
  SINCE MAR 1      0                         0      0        0
  SINCE JAN 1      0                         0      0        0
..................................................................


WIND (MPH)
  HIGHEST WIND SPEED     9   HIGHEST WIND DIRECTION     W (260)
  HIGHEST GUST SPEED    MM   HIGHEST GUST DIRECTION    MM
  AVERAGE WIND SPEED     4.8


SKY COVER
  AVERAGE SKY COVER 0.0


WEATHER CONDITIONS
 THE FOLLOWING WEATHER WAS RECORDED TODAY.
  NO SIGNIFICANT WEATHER WAS OBSERVED.


RELATIVE HUMIDITY (PERCENT)
 HIGHEST    54           500 AM
 LOWEST     13           300 PM
 AVERAGE    34

..........................................................


THE AUGUSTA CLIMATE NORMALS FOR TOMORROW
                         NORMAL    RECORD    YEAR
 MAXIMUM TEMPERATURE (F)   57        73      2001
 MINIMUM TEMPERATURE (F)   38        27      1965


SUNRISE AND SUNSET
APRIL 23 2018.........SUNRISE   542 AM EDT   SUNSET   733 PM EDT
APRIL 24 2018.........SUNRISE   541 AM EDT   SUNSET   735 PM EDT


-  INDICATES NEGATIVE NUMBERS.
R  INDICATES RECORD WAS SET OR TIED.
MM INDICATES DATA IS MISSING.
T  INDICATES TRACE AMOUNT.




$$
