000
CDUS42 KGSP 230635
CLIAVL

CLIMATE REPORT
NATIONAL WEATHER SERVICE GREENVILLE-SPARTANBURG SC
235 AM EDT MON APR 23 2018


...................................

...THE ASHEVILLE NC CLIMATE SUMMARY FOR APRIL 22 2018...

CLIMATE NORMAL PERIOD 1981 TO 2010
CLIMATE RECORD PERIOD 1869 TO 2018


WEATHER ITEM   OBSERVED TIME   RECORD YEAR NORMAL DEPARTURE LAST
                VALUE   (LST)  VALUE       VALUE  FROM      YEAR
                                                  NORMAL
..................................................................
TEMPERATURE (F)
 YESTERDAY
  MAXIMUM         61    213 PM  86    1963  70     -9       79
                                      1896
  MINIMUM         42    405 AM  30    1953  45     -3       56
  AVERAGE         52                        57     -5       68

PRECIPITATION (IN)
  YESTERDAY        T             1.74 1931   0.11  -0.11     0.53
  MONTH TO DATE    2.77                      2.42   0.35     4.30
  SINCE MAR 1      5.88                      6.25  -0.37     8.22
  SINCE JAN 1     15.49                     13.68   1.81    12.64

SNOWFALL (IN)
  YESTERDAY        0.0           T    1993   0.0             0.0
  MONTH TO DATE    T                         0.7             0.0
  SINCE MAR 1      1.2                       2.6             2.1
  SINCE JUL 1     12.0                       9.9             9.4
  SNOW DEPTH       0

DEGREE DAYS
 HEATING
  YESTERDAY       13                         8      5        0
  MONTH TO DATE  259                       243     16      119
  SINCE MAR 1    845                       798     47      626
  SINCE JUL 1   3695                      4015   -320     3020

 COOLING
  YESTERDAY        0                         0      0        3
  MONTH TO DATE    4                         0      4       11
  SINCE MAR 1      4                         1      3       11
  SINCE JAN 1      8                         1      7       11
..................................................................


WIND (MPH)
  HIGHEST WIND SPEED    13   HIGHEST WIND DIRECTION     S (160)
  HIGHEST GUST SPEED    19   HIGHEST GUST DIRECTION    SE (140)
  AVERAGE WIND SPEED     4.8


SKY COVER
  POSSIBLE SUNSHINE  MM
  AVERAGE SKY COVER 0.8


WEATHER CONDITIONS
 THE FOLLOWING WEATHER WAS RECORDED YESTERDAY.
  LIGHT RAIN


RELATIVE HUMIDITY (PERCENT)
 HIGHEST    89           900 PM
 LOWEST     60           200 PM
 AVERAGE    75

..........................................................


THE ASHEVILLE NC CLIMATE NORMALS FOR TODAY
                         NORMAL    RECORD    YEAR
 MAXIMUM TEMPERATURE (F)   70        88      1960
 MINIMUM TEMPERATURE (F)   45        29      1986


SUNRISE AND SUNSET
APRIL 23 2018.........SUNRISE   648 AM EDT   SUNSET   810 PM EDT
APRIL 24 2018.........SUNRISE   647 AM EDT   SUNSET   811 PM EDT


-  INDICATES NEGATIVE NUMBERS.
R  INDICATES RECORD WAS SET OR TIED.
MM INDICATES DATA IS MISSING.
T  INDICATES TRACE AMOUNT.

$$

OUTLAW
