000
CDUS46 KHNX 210823
CLIBFL


CLIMATE REPORT
NATIONAL WEATHER SERVICE SAN JOAQUIN VALLEY, CA
122 AM PDT MON MAY 21 2018


...................................

...THE BAKERSFIELD CLIMATE SUMMARY FOR MAY 20 2018...

CLIMATE NORMAL PERIOD 1981 TO 2010
CLIMATE RECORD PERIOD 1889 TO 2018


WEATHER ITEM   OBSERVED TIME   RECORD YEAR NORMAL DEPARTURE
                VALUE   (LST)  VALUE       VALUE  FROM
                                                  NORMAL
...............................................................
TEMPERATURE (F)
 YESTERDAY
  MAXIMUM         83    350 PM 103    1942  85     -2
  MINIMUM         59    452 AM  42    1902  59      0
  AVERAGE         71                        72     -1

PRECIPITATION (IN)
  YESTERDAY        0.00          0.85 1921   0.01  -0.01
  MONTH TO DATE    T                         0.14  -0.14
  SINCE OCT 1      3.93                      6.23  -2.30
  SINCE JAN 1      3.86                      4.27  -0.41

SNOWFALL (IN)
  YESTERDAY        0.0
  MONTH TO DATE    0.0
  SINCE MAR 1      0.0
  SINCE JUL 1      0.0
  SNOW DEPTH       0

DEGREE DAYS
 HEATING
  YESTERDAY        0                               -1
  MONTH TO DATE    2                              -24
  SINCE MAR 1    257                             -137
  SINCE JUL 1   1535                             -633

 COOLING
  YESTERDAY        6                               -1
  MONTH TO DATE  145                               34
  SINCE MAR 1    272                               95
  SINCE JAN 1    272                               95
...............................................................


WIND (MPH)
  HIGHEST WIND SPEED    16   HIGHEST WIND DIRECTION    NW (320)
  HIGHEST GUST SPEED    18   HIGHEST GUST DIRECTION    NW (330)
  AVERAGE WIND SPEED     8.3




RELATIVE HUMIDITY (PERCENT)
 HIGHEST    60
 LOWEST     26
 AVERAGE    43

..........................................................


THE BAKERSFIELD CLIMATE NORMALS FOR TODAY
                         NORMAL    RECORD    YEAR
 MAXIMUM TEMPERATURE (F)   85       103      1988
 MINIMUM TEMPERATURE (F)   59        42      1902


SUNRISE AND SUNSET
MAY 21 2018...........SUNRISE   548 AM PDT   SUNSET   759 PM PDT
MAY 22 2018...........SUNRISE   547 AM PDT   SUNSET   759 PM PDT


-  INDICATES NEGATIVE NUMBERS.
R  INDICATES RECORD WAS SET OR TIED.
MM INDICATES DATA IS MISSING.
T  INDICATES TRACE AMOUNT.




$$
