100
CDUS44 KAMA 232139
CLIBGD


CLIMATE REPORT
NATIONAL WEATHER SERVICE AMARILLO TX
439 PM CDT MON APR 23 2018


...................................

...THE BORGER CLIMATE SUMMARY FOR APRIL 23 2018...
VALID TODAY AS OF 0400 PM LOCAL TIME.

CLIMATE NORMAL PERIOD 1981 TO 2010
CLIMATE RECORD PERIOD 1949 TO 2018


WEATHER ITEM   OBSERVED TIME   RECORD YEAR NORMAL DEPARTURE LAST
                VALUE   (LST)  VALUE       VALUE  FROM      YEAR
                                                  NORMAL
..................................................................
TEMPERATURE (F)
 TODAY
  MAXIMUM         74    332 PM  96    2006  75     -1       73
  MINIMUM         41    635 AM  27    2013  47     -6       39
  AVERAGE         58                        61     -3       56

PRECIPITATION (IN)
  TODAY            0.00          0.41 1990   0.04  -0.04     0.00
  MONTH TO DATE    0.85                      1.28  -0.43     0.85
  SINCE MAR 1      0.89                      2.69  -1.80     3.55
  SINCE JAN 1      0.90                      3.90  -3.00     7.03

SNOWFALL (IN)
  TODAY            0.0           T    2013                   0.0
  MONTH TO DATE    0.0                                       0.0
  SINCE MAR 1      0.0                                       0.0
  SINCE JUL 1      2.0                                       3.6
  SNOW DEPTH       0

DEGREE DAYS
 HEATING
  TODAY            7                         6      1        9
  MONTH TO DATE  257                       192     65      137
  SINCE MAR 1    568                       676   -108      435
  SINCE JUL 1   3229                      3669   -440     2770

 COOLING
  TODAY            0                         2     -2        0
  MONTH TO DATE   30                        23      7       62
  SINCE MAR 1     41                        30     11       95
  SINCE JAN 1     41                        30     11      109
..................................................................


WIND (MPH)
  RESULTANT WIND SPEED   1   RESULTANT WIND DIRECTION  SE (140)
  HIGHEST WIND SPEED    12   HIGHEST WIND DIRECTION     S (190)
  HIGHEST GUST SPEED    17   HIGHEST GUST DIRECTION     S (190)
  AVERAGE WIND SPEED     4.0


SKY COVER
  AVERAGE SKY COVER 0.0


WEATHER CONDITIONS
 THE FOLLOWING WEATHER WAS RECORDED TODAY.
  FOG


RELATIVE HUMIDITY (PERCENT)
 HIGHEST    89           300 AM
 LOWEST     34           300 PM
 AVERAGE    62

..........................................................


THE BORGER CLIMATE NORMALS FOR TOMORROW
                         NORMAL    RECORD    YEAR
 MAXIMUM TEMPERATURE (F)   75        97      2012
 MINIMUM TEMPERATURE (F)   48        24      2013


SUNRISE AND SUNSET
APRIL 23 2018.........SUNRISE   703 AM CDT   SUNSET   826 PM CDT
APRIL 24 2018.........SUNRISE   701 AM CDT   SUNSET   826 PM CDT


-  INDICATES NEGATIVE NUMBERS.
R  INDICATES RECORD WAS SET OR TIED.
MM INDICATES DATA IS MISSING.
T  INDICATES TRACE AMOUNT.




$$
