000
CDUS45 KVEF 240840
CLIBIH


CLIMATE REPORT
NATIONAL WEATHER SERVICE LAS VEGAS, NV
140 AM PDT THU MAY 24 2018


...................................

...THE BISHOP CA CLIMATE SUMMARY FOR MAY 23 2018...

CLIMATE NORMAL PERIOD 1981 TO 2010
CLIMATE RECORD PERIOD 1943 TO 2018


WEATHER ITEM   OBSERVED TIME   RECORD YEAR NORMAL DEPARTURE LAST
                VALUE   (LST)  VALUE       VALUE  FROM      YEAR
                                                  NORMAL
..................................................................
TEMPERATURE (F)
 YESTERDAY
  MAXIMUM         84    413 PM  98    2001  85     -1       93
                                      2000
                                      1984
  MINIMUM         50    518 AM  33    1959  46      4       47
  AVERAGE         67                        65      2       70

PRECIPITATION (IN)
  YESTERDAY        0.00          0.53 2015   0.01  -0.01     0.00
  MONTH TO DATE    0.25                      0.14   0.11     0.35
  SINCE OCT 1      1.47                      4.45  -2.98     9.16
  SINCE JAN 1      1.31                      2.83  -1.52     8.80

SNOWFALL (IN)
  YESTERDAY        0.0          MM      MM   0.0    0.0      0.0
  MONTH TO DATE    0.0                       0.0    0.0      0.0
  SINCE MAR 1      0.0                       0.6   -0.6       T
  SINCE JUL 1      0.2                       8.0   -7.8      8.6
  SNOW DEPTH       0

DEGREE DAYS
 HEATING
  YESTERDAY        0                         3     -3        0
  MONTH TO DATE   78                       101    -23       97
  SINCE MAR 1    813                       936   -123      781
  SINCE JUL 1   3642                      4143   -501     3781

 COOLING
  YESTERDAY        2                         3     -1        5
  MONTH TO DATE   36                        35      1       30
  SINCE MAR 1     48                        39      9       30
  SINCE JAN 1     48                        39      9       30
..................................................................


WIND (MPH)
  RESULTANT WIND SPEED   8   RESULTANT WIND DIRECTION   S (160)
  HIGHEST WIND SPEED    24   HIGHEST WIND DIRECTION     S (160)
  HIGHEST GUST SPEED    31   HIGHEST GUST DIRECTION     S (160)
  AVERAGE WIND SPEED    11.1


SKY COVER
  POSSIBLE SUNSHINE  MM
  AVERAGE SKY COVER 0.1


WEATHER CONDITIONS
 THE FOLLOWING WEATHER WAS RECORDED YESTERDAY.
  NO SIGNIFICANT WEATHER WAS OBSERVED.


RELATIVE HUMIDITY (PERCENT)
 HIGHEST    93           400 AM
 LOWEST     15           300 PM
 AVERAGE    54

..........................................................


THE BISHOP CA CLIMATE NORMALS FOR TODAY
                         NORMAL    RECORD    YEAR
 MAXIMUM TEMPERATURE (F)   85        97      2001
 MINIMUM TEMPERATURE (F)   46        28      2010
                                             1978


SUNRISE AND SUNSET
MAY 24 2018...........SUNRISE   538 AM PDT   SUNSET   803 PM PDT
MAY 25 2018...........SUNRISE   538 AM PDT   SUNSET   804 PM PDT


-  INDICATES NEGATIVE NUMBERS.
R  INDICATES RECORD WAS SET OR TIED.
MM INDICATES DATA IS MISSING.
T  INDICATES TRACE AMOUNT.




$$
