000
CDUS43 KBIS 230732
CLIBIS


CLIMATE REPORT
NATIONAL WEATHER SERVICE BISMARCK ND
231 AM CDT MON APR 23 2018


...................................

...THE BISMARCK ND CLIMATE SUMMARY FOR APRIL 22 2018...

CLIMATE NORMAL PERIOD 1981 TO 2010
CLIMATE RECORD PERIOD 1875 TO 2018


WEATHER ITEM   OBSERVED TIME   RECORD YEAR NORMAL DEPARTURE LAST
                VALUE   (LST)  VALUE       VALUE  FROM      YEAR
                                                  NORMAL
..................................................................
TEMPERATURE (F)
 YESTERDAY
  MAXIMUM         71    447 PM  89    1990  60     11       71
  MINIMUM         31    549 AM  14    1909  33     -2       31
  AVERAGE         51                        47      4       51

PRECIPITATION (IN)
  YESTERDAY        0.00          0.79 1904   0.05  -0.05     0.00
  MONTH TO DATE    0.27                      0.84  -0.57     0.83
  SINCE MAR 1      1.84                      1.71   0.13     1.35
  SINCE JAN 1      2.59                      2.65  -0.06     2.75

SNOWFALL (IN)
  YESTERDAY        0.0           1.6  1904   0.1   -0.1      0.0
  MONTH TO DATE    5.3                       3.6    1.7      0.0
  SINCE MAR 1     26.3                      12.7   13.6      8.7
  SINCE JUL 1     44.1                      50.2   -6.1     71.6
  SNOW DEPTH       0

DEGREE DAYS
 HEATING
  YESTERDAY       14                        18     -4       14
  MONTH TO DATE  756                       504    252      387
  SINCE MAR 1   1943                      1592    351     1430
  SINCE JUL 1   8259                      8023    236     7432

 COOLING
  YESTERDAY        0                         0      0        0
  MONTH TO DATE    0                         0      0        0
  SINCE MAR 1      0                         0      0        0
  SINCE JAN 1      0                         0      0        0
..................................................................


WIND (MPH)
  HIGHEST WIND SPEED    17   HIGHEST WIND DIRECTION    SW (220)
  HIGHEST GUST SPEED    23   HIGHEST GUST DIRECTION     S (200)
  AVERAGE WIND SPEED     8.7


SKY COVER
  POSSIBLE SUNSHINE  MM
  AVERAGE SKY COVER 0.3


WEATHER CONDITIONS
 THE FOLLOWING WEATHER WAS RECORDED YESTERDAY.
  NO SIGNIFICANT WEATHER WAS OBSERVED.


RELATIVE HUMIDITY (PERCENT)
 HIGHEST    92           600 AM
 LOWEST     33           300 PM
 AVERAGE    63

..........................................................


THE BISMARCK ND CLIMATE NORMALS FOR TODAY
                         NORMAL    RECORD    YEAR
 MAXIMUM TEMPERATURE (F)   61        84      2012
                                             1895
 MINIMUM TEMPERATURE (F)   34        12      2013


SUNRISE AND SUNSET
APRIL 23 2018.........SUNRISE   641 AM CDT   SUNSET   842 PM CDT
APRIL 24 2018.........SUNRISE   639 AM CDT   SUNSET   844 PM CDT


-  INDICATES NEGATIVE NUMBERS.
R  INDICATES RECORD WAS SET OR TIED.
MM INDICATES DATA IS MISSING.
T  INDICATES TRACE AMOUNT.




$$
