000
CDUS45 KBOI 210129
CLIBNO


CLIMATE REPORT
NATIONAL WEATHER SERVICE BOISE ID
728 PM MDT SUN MAY 20 2018


...................................

...THE BURNS OR CLIMATE SUMMARY FOR MAY 20 2018...
VALID TODAY AS OF 0600 PM LOCAL TIME.

CLIMATE NORMAL PERIOD 1981 TO 2010
CLIMATE RECORD PERIOD 1938 TO 2018


WEATHER ITEM   OBSERVED TIME   RECORD YEAR NORMAL DEPARTURE LAST
                VALUE   (LST)  VALUE       VALUE  FROM      YEAR
                                                  NORMAL
..................................................................
TEMPERATURE (F)
 TODAY
  MAXIMUM         66   1230 PM  84    1980  67     -1       73
  MINIMUM         50    449 AM  25    2009  38     12       37
                                      1987
  AVERAGE         58                        52      6       55

PRECIPITATION (IN)
  TODAY            T             0.60 1981   0.04  -0.04     0.00
  MONTH TO DATE    0.39                      0.75  -0.36     0.36
  SINCE OCT 1      6.38                      8.48  -2.10    11.75
  SINCE JAN 1      3.72                      4.98  -1.26     8.24

DEGREE DAYS
 HEATING
  TODAY            7                        13     -6       10
  MONTH TO DATE  221                       304    -83      330
  SINCE MAR 1   1735                      1816    -81     1820
  SINCE JUL 1   7008                      7344   -336     7694

 COOLING
  TODAY            0                         0      0        0
  MONTH TO DATE    0                         0      0        0
  SINCE MAR 1      0                         0      0        0
  SINCE JAN 1      0                         0      0        0
..................................................................


WIND (MPH)
  HIGHEST WIND SPEED    22   HIGHEST WIND DIRECTION    NW (320)
  HIGHEST GUST SPEED    26   HIGHEST GUST DIRECTION    NW (300)
  AVERAGE WIND SPEED     6.9



WEATHER CONDITIONS
 THE FOLLOWING WEATHER WAS RECORDED TODAY.
  THUNDERSTORM
  LIGHT RAIN


RELATIVE HUMIDITY (PERCENT)
 HIGHEST    89           500 AM
 LOWEST     52          1200 PM
 AVERAGE    71

..........................................................


THE BURNS OR CLIMATE NORMALS FOR TOMORROW
                         NORMAL    RECORD    YEAR
 MAXIMUM TEMPERATURE (F)   68        86      2000
                                             1967
                                             1958
 MINIMUM TEMPERATURE (F)   38        25      1960


SUNRISE AND SUNSET
MAY 20 2018...........SUNRISE   526 AM PDT   SUNSET   819 PM PDT
MAY 21 2018...........SUNRISE   525 AM PDT   SUNSET   820 PM PDT


-  INDICATES NEGATIVE NUMBERS.
R  INDICATES RECORD WAS SET OR TIED.
MM INDICATES DATA IS MISSING.
T  INDICATES TRACE AMOUNT.




$$
