000
CDUS44 KLIX 230703
CLIBTR


CLIMATE REPORT
NATIONAL WEATHER SERVICE NEW ORLEANS
NATIONAL WEATHER SERVICE NEW ORL
201 AM CDT MON APR 23 2018


...................................

...THE BATON ROUGE  ASOS CLIMATE SUMMARY FOR APRIL 22 2018...

CLIMATE NORMAL PERIOD 1981 TO 2010
CLIMATE RECORD PERIOD 1894 TO 2018


WEATHER ITEM   OBSERVED TIME   RECORD YEAR NORMAL DEPARTURE LAST
                VALUE   (LST)  VALUE       VALUE  FROM      YEAR
                                                  NORMAL
..................................................................
TEMPERATURE (F)
 YESTERDAY
  MAXIMUM         78    245 PM  90    2008  81     -3       87
                                      1963
                                      1925
  MINIMUM         56   1159 PM  42    1993  59     -3       63
  AVERAGE         67                        70     -3       75

PRECIPITATION (IN)
  YESTERDAY        0.35          3.56 1979   0.14   0.21     0.33
  MONTH TO DATE    5.16                      3.36   1.80     4.54
  SINCE MAR 1     10.24                      7.77   2.47     8.28
  SINCE JAN 1     21.43                     18.53   2.90    19.71

SNOWFALL (IN)
  YESTERDAY        0.0
  MONTH TO DATE    0.0
  SINCE MAR 1      0.0
  SINCE JUL 1      4.0
  SNOW DEPTH       0

DEGREE DAYS
 HEATING
  YESTERDAY        0                         1     -1        0
  MONTH TO DATE   70                        46     24        6
  SINCE MAR 1    200                       213    -13       90
  SINCE JUL 1   1485                      1548    -63      794

 COOLING
  YESTERDAY        2                         6     -4       10
  MONTH TO DATE   33                        91    -58      143
  SINCE MAR 1    114                       149    -35      281
  SINCE JAN 1    233                       180     53      424
..................................................................


WIND (MPH)
  HIGHEST WIND SPEED    20   HIGHEST WIND DIRECTION    SW (210)
  HIGHEST GUST SPEED    26   HIGHEST GUST DIRECTION    SE (150)
  AVERAGE WIND SPEED     9.3


SKY COVER
  POSSIBLE SUNSHINE  MM
  AVERAGE SKY COVER 0.8


WEATHER CONDITIONS
 THE FOLLOWING WEATHER WAS RECORDED YESTERDAY.
  HEAVY RAIN
  RAIN
  LIGHT RAIN
  FOG


RELATIVE HUMIDITY (PERCENT)
 HIGHEST    93           400 AM
 LOWEST     60           400 PM
 AVERAGE    77

..........................................................


THE BATON ROUGE  ASOS CLIMATE NORMALS FOR TODAY
                         NORMAL    RECORD    YEAR
 MAXIMUM TEMPERATURE (F)   81        90      1999
                                             1958
 MINIMUM TEMPERATURE (F)   59        42      1927


SUNRISE AND SUNSET
APRIL 23 2018.........SUNRISE   629 AM CDT   SUNSET   738 PM CDT
APRIL 24 2018.........SUNRISE   628 AM CDT   SUNSET   738 PM CDT


-  INDICATES NEGATIVE NUMBERS.
R  INDICATES RECORD WAS SET OR TIED.
MM INDICATES DATA IS MISSING.
T  INDICATES TRACE AMOUNT.




$$
