633
CDUS41 KBTV 220535
CLIBTV


CLIMATE REPORT
NATIONAL WEATHER SERVICE BURLINGTON VT
134 AM EDT TUE MAY 22 2018


...................................

...THE BURLINGTON VT CLIMATE SUMMARY FOR MAY 21 2018...

CLIMATE NORMAL PERIOD 1981 TO 2010
CLIMATE RECORD PERIOD 1884 TO 2018


WEATHER ITEM   OBSERVED TIME   RECORD YEAR NORMAL DEPARTURE LAST
                VALUE   (LST)  VALUE       VALUE  FROM      YEAR
                                                  NORMAL
..................................................................
TEMPERATURE (F)
 YESTERDAY
  MAXIMUM         80    442 PM  92    1911  69     11       71
  MINIMUM         42    850 PM  29    1964  47     -5       41
  AVERAGE         61                        58      3       56

PRECIPITATION (IN)
  YESTERDAY        0.00          2.38 1889   0.12  -0.12     0.10
  MONTH TO DATE    1.29                      2.23  -0.94     2.49
  SINCE MAR 1      8.76                      7.27   1.49     9.59
  SINCE JAN 1     12.70                     11.09   1.61    14.26

SNOWFALL (IN)
  YESTERDAY        0.0           0.0  2002   0.0    0.0      0.0
                                      2001
  MONTH TO DATE    0.0                       0.0    0.0      0.0
  SINCE MAR 1     34.3                      20.4   13.9     41.2
  SINCE JUL 1     88.7                      81.2    7.5    100.4
  SNOW DEPTH       0

DEGREE DAYS
 HEATING
  YESTERDAY        4                         8     -4        9
  MONTH TO DATE  115                       224   -109      229
  SINCE MAR 1   1864                      1888    -24     1856
  SINCE JUL 1   6661                      7298   -637     6234

 COOLING
  YESTERDAY        0                         1     -1        0
  MONTH TO DATE   14                         4     10       26
  SINCE MAR 1     14                         6      8       41
  SINCE JAN 1     14                         6      8       41
..................................................................


WIND (MPH)
  HIGHEST WIND SPEED    18   HIGHEST WIND DIRECTION    NW (320)
  HIGHEST GUST SPEED    23   HIGHEST GUST DIRECTION    NW (330)
  AVERAGE WIND SPEED     5.0


SKY COVER
  POSSIBLE SUNSHINE  MM
  AVERAGE SKY COVER 0.2


WEATHER CONDITIONS
 THE FOLLOWING WEATHER WAS RECORDED YESTERDAY.
  NO SIGNIFICANT WEATHER WAS OBSERVED.


RELATIVE HUMIDITY (PERCENT)
 HIGHEST    93          1200 AM
 LOWEST     23           200 PM
 AVERAGE    58

..........................................................


THE BURLINGTON VT CLIMATE NORMALS FOR TODAY
                         NORMAL    RECORD    YEAR
 MAXIMUM TEMPERATURE (F)   69        93      1977
 MINIMUM TEMPERATURE (F)   47        31      1936


SUNRISE AND SUNSET
MAY 22 2018...........SUNRISE   518 AM EDT   SUNSET   821 PM EDT
MAY 23 2018...........SUNRISE   517 AM EDT   SUNSET   822 PM EDT


-  INDICATES NEGATIVE NUMBERS.
R  INDICATES RECORD WAS SET OR TIED.
MM INDICATES DATA IS MISSING.
T  INDICATES TRACE AMOUNT.




&&

LAKE CHAMPLAIN DATA:
LEVEL...............98.74 FEET
TEMPERATURE.........47 DEGREES

MOUNT MANSFIELD DATA:
HIGH................60 DEGREES
LOW.................40 DEGREES
PRECIPITATION.......0.00 INCHES
SNOW AT STAKE.......5 INCHES

$$
