000
CDUS41 KLWX 212128
CLIBWI


CLIMATE REPORT
NATIONAL WEATHER SERVICE BALTIMORE MD/WASHINGTON DC
528 PM EDT MON MAY 21 2018


...................................

...THE BALTIMORE MD CLIMATE SUMMARY FOR MAY 21 2018...
VALID TODAY AS OF 0500 PM LOCAL TIME.

CLIMATE NORMAL PERIOD 1981 TO 2010
CLIMATE RECORD PERIOD 1871 TO 2018


WEATHER ITEM   OBSERVED TIME   RECORD YEAR NORMAL DEPARTURE LAST
                VALUE   (LST)  VALUE       VALUE  FROM      YEAR
                                                  NORMAL
..................................................................
TEMPERATURE (F)
 TODAY
  MAXIMUM         79    301 PM  96    1934  75      4       68
  MINIMUM         65    510 AM  34    2002  54     11       57
  AVERAGE         72                        64      8       63

PRECIPITATION (IN)
  TODAY            0.00          2.05 1909   0.13  -0.13     0.00
  MONTH TO DATE    5.75                      2.63   3.12     3.29
  SINCE MAR 1     11.20                      9.72   1.48    10.63
  SINCE JAN 1     17.50                     15.67   1.83    14.78

SNOWFALL (IN)
  TODAY            0.0          MM      MM   0.0    0.0
  MONTH TO DATE    0.0                       0.0    0.0
  SINCE JUL 1     15.4                      20.1   -4.7
  SNOW DEPTH       0

DEGREE DAYS
 HEATING
  TODAY            0                         3     -3        2
  MONTH TO DATE   18                       109    -91      118
  SINCE MAR 1   1181                      1129     52      947
  SINCE JUL 1   4493                      4724   -231     3838

 COOLING
  TODAY            7                         3      4        0
  MONTH TO DATE   92                        34     58       45
  SINCE MAR 1    113                        48     65       94
  SINCE JAN 1    114                        48     66       94
..................................................................


WIND (MPH)
  HIGHEST WIND SPEED    15   HIGHEST WIND DIRECTION    NE (60)
  HIGHEST GUST SPEED    19   HIGHEST GUST DIRECTION    NE (60)
  AVERAGE WIND SPEED     6.4


SKY COVER
  POSSIBLE SUNSHINE  MM
  AVERAGE SKY COVER 0.7


WEATHER CONDITIONS
 THE FOLLOWING WEATHER WAS RECORDED TODAY.
  NO SIGNIFICANT WEATHER WAS OBSERVED.


RELATIVE HUMIDITY (PERCENT)
 HIGHEST    87          1200 AM
 LOWEST     52           100 PM
 AVERAGE    70

..........................................................


THE BALTIMORE MD CLIMATE NORMALS FOR TOMORROW
                         NORMAL    RECORD    YEAR
 MAXIMUM TEMPERATURE (F)   76        98      1941
 MINIMUM TEMPERATURE (F)   54        35      2002


SUNRISE AND SUNSET
MAY 21 2018...........SUNRISE   549 AM EDT   SUNSET   818 PM EDT
MAY 22 2018...........SUNRISE   548 AM EDT   SUNSET   819 PM EDT


-  INDICATES NEGATIVE NUMBERS.
R  INDICATES RECORD WAS SET OR TIED.
MM INDICATES DATA IS MISSING.
T  INDICATES TRACE AMOUNT.




$$
