000
CDUS45 KSLC 191259
CLICDC


CLIMATE REPORT
NATIONAL WEATHER SERVICE SALT LAKE CITY UT
657 AM MDT THU APR 19 2018


...................................

...THE CEDAR CITY UT CLIMATE SUMMARY FOR APRIL 18 2018...

CLIMATE NORMAL PERIOD 1981 TO 2010
CLIMATE RECORD PERIOD 1928 TO 2018


WEATHER ITEM   OBSERVED TIME   RECORD YEAR NORMAL DEPARTURE LAST
                VALUE   (LST)  VALUE       VALUE  FROM      YEAR
                                                  NORMAL
..................................................................
TEMPERATURE (F)
 YESTERDAY
  MAXIMUM         62    357 PM  82    1989  62      0       70
  MINIMUM         20    536 AM  14    1963  32    -12       40
  AVERAGE         41                        47     -6       55

PRECIPITATION (IN)
  YESTERDAY        0.00          0.61 1981   0.04  -0.04     0.21
  MONTH TO DATE    0.27                      0.70  -0.43     0.77
  SINCE OCT 1      3.85                      7.02  -3.17     7.34
  SINCE JAN 1      3.30                      3.91  -0.61     4.51

DEGREE DAYS
 HEATING
  YESTERDAY       24                        18      6       10
  MONTH TO DATE  273                       362    -89      319
  SINCE MAR 1    987                      1134   -147      910
  SINCE JUL 1   4970                      5696   -726     4931

 COOLING
  YESTERDAY        0                         0      0        0
  MONTH TO DATE    0                         0      0        0
  SINCE MAR 1      0                         0      0        0
  SINCE JAN 1      0                         0      0        0
..................................................................


WIND (MPH)
  RESULTANT WIND SPEED   5   RESULTANT WIND DIRECTION   S (180)
  HIGHEST WIND SPEED    22   HIGHEST WIND DIRECTION    SW (210)
  HIGHEST GUST SPEED    28   HIGHEST GUST DIRECTION    SW (220)
  AVERAGE WIND SPEED     6.7



WEATHER CONDITIONS
 THE FOLLOWING WEATHER WAS RECORDED YESTERDAY.
  NO SIGNIFICANT WEATHER WAS OBSERVED.


RELATIVE HUMIDITY (PERCENT)
 HIGHEST    84           300 AM
 LOWEST     12           400 PM
 AVERAGE    48

..........................................................


THE CEDAR CITY UT CLIMATE NORMALS FOR TODAY
                         NORMAL    RECORD    YEAR
 MAXIMUM TEMPERATURE (F)   62        82      1989
 MINIMUM TEMPERATURE (F)   32        16      2007


SUNRISE AND SUNSET
APRIL 19 2018.........SUNRISE   652 AM MDT   SUNSET   812 PM MDT
APRIL 20 2018.........SUNRISE   650 AM MDT   SUNSET   813 PM MDT


-  INDICATES NEGATIVE NUMBERS.
R  INDICATES RECORD WAS SET OR TIED.
MM INDICATES DATA IS MISSING.
T  INDICATES TRACE AMOUNT.




$$
