000
CDUS41 KLWX 260537
CLICHO


CLIMATE REPORT
NATIONAL WEATHER SERVICE BALTIMORE MD/WASHINGTON DC
134 AM EDT SAT MAY 26 2018


...................................

...THE CHARLOTTESVILLE VA CLIMATE SUMMARY FOR MAY 25 2018...

CLIMATE NORMAL PERIOD 1981 TO 2010
CLIMATE RECORD PERIOD 1998 TO 2018


WEATHER ITEM   OBSERVED TIME   RECORD YEAR NORMAL DEPARTURE LAST
                VALUE   (LST)  VALUE       VALUE  FROM      YEAR
                                                  NORMAL
..................................................................
TEMPERATURE (F)
 YESTERDAY
  MAXIMUM         87    249 PM  MM      MM  77     10       72
  MINIMUM         58    532 AM  MM      MM  54      4       58
  AVERAGE         73                        66      7       65

PRECIPITATION (IN)
  YESTERDAY        0.00                      0.15  -0.15     1.12
  MONTH TO DATE    4.58                      3.08   1.50     7.99
  SINCE MAR 1     10.18                     10.10   0.08    13.52
  SINCE JAN 1     16.04                     15.57   0.47    16.76

DEGREE DAYS
 HEATING
  YESTERDAY        0                         2     -2        0
  MONTH TO DATE    3                       110   -107       90
  SINCE MAR 1    970                      1010    -40      718
  SINCE JUL 1   3853                      4422   -569     3091

 COOLING
  YESTERDAY        8                         3      5        0
  MONTH TO DATE  179                        44    135       75
  SINCE MAR 1    195                        65    130      172
  SINCE JAN 1    200                        65    135      173
..................................................................


WIND (MPH)
  HIGHEST WIND SPEED    17   HIGHEST WIND DIRECTION     S (190)
  HIGHEST GUST SPEED    25   HIGHEST GUST DIRECTION    SW (220)
  AVERAGE WIND SPEED     8.1


SKY COVER
  POSSIBLE SUNSHINE  MM
  AVERAGE SKY COVER 0.0


WEATHER CONDITIONS
 THE FOLLOWING WEATHER WAS RECORDED YESTERDAY.
  NO SIGNIFICANT WEATHER WAS OBSERVED.


RELATIVE HUMIDITY (PERCENT)
 HIGHEST    93           300 AM
 LOWEST     50           200 PM
 AVERAGE    72

..........................................................


THE CHARLOTTESVILLE VA CLIMATE NORMALS FOR TODAY
                         NORMAL    RECORD    YEAR
 MAXIMUM TEMPERATURE (F)   77        MM        MM
 MINIMUM TEMPERATURE (F)   55        MM        MM


SUNRISE AND SUNSET
MAY 26 2018...........SUNRISE   555 AM EDT   SUNSET   827 PM EDT
MAY 27 2018...........SUNRISE   555 AM EDT   SUNSET   828 PM EDT


-  INDICATES NEGATIVE NUMBERS.
R  INDICATES RECORD WAS SET OR TIED.
MM INDICATES DATA IS MISSING.
T  INDICATES TRACE AMOUNT.




$$
