000
CDUS41 KILN 242056
CLICMH


CLIMATE REPORT
NATIONAL WEATHER SERVICE WILMINGTON OH
455 PM EDT THU MAY 24 2018


...................................

...THE COLUMBUS OH CLIMATE SUMMARY FOR MAY 24 2018...
VALID TODAY AS OF 0400 PM LOCAL TIME.

CLIMATE NORMAL PERIOD 1981 TO 2010
CLIMATE RECORD PERIOD 1869 TO 2018


WEATHER ITEM   OBSERVED TIME   RECORD YEAR NORMAL DEPARTURE LAST
                VALUE   (LST)  VALUE       VALUE  FROM      YEAR
                                                  NORMAL
..................................................................
TEMPERATURE (F)
 TODAY
  MAXIMUM         82    332 PM  90    1975  75      7       69
                                      1880
  MINIMUM         55    506 AM  36    1956  55      0       60
                                      1925
  AVERAGE         69                        65      4       65

PRECIPITATION (IN)
  TODAY            0.00          1.82 1885   0.14  -0.14     0.02
  MONTH TO DATE    2.28                      3.15  -0.87     4.36
  SINCE MAR 1     10.47                      9.57   0.90    12.34
  SINCE JAN 1     18.11                     14.55   3.56    17.80

SNOWFALL (IN)
  TODAY            0.0           0.0    MM   0.0    0.0      0.0
  MONTH TO DATE    0.0                       0.0    0.0      0.0
  SINCE MAR 1      6.1                       5.3    0.8      1.7
  SINCE JUL 1     30.7                      26.7    4.0      9.3
  SNOW DEPTH       0

DEGREE DAYS
 HEATING
  TODAY            0                         3     -3        0
  MONTH TO DATE   10                       127   -117      134
  SINCE MAR 1   1345                      1214    131     1001
  SINCE JUL 1   5192                      5209    -17     4270

 COOLING
  TODAY            4                         3      1        0
  MONTH TO DATE  137                        44     93       47
  SINCE MAR 1    146                        56     90       91
  SINCE JAN 1    150                        56     94       95
..................................................................


WIND (MPH)
  HIGHEST WIND SPEED    14   HIGHEST WIND DIRECTION     E (110)
  HIGHEST GUST SPEED    20   HIGHEST GUST DIRECTION    SE (120)
  AVERAGE WIND SPEED     4.4


SKY COVER
  POSSIBLE SUNSHINE  MM
  AVERAGE SKY COVER 0.2


WEATHER CONDITIONS
 THE FOLLOWING WEATHER WAS RECORDED TODAY.
  NO SIGNIFICANT WEATHER WAS OBSERVED.


RELATIVE HUMIDITY (PERCENT)
 HIGHEST    86           200 AM
 LOWEST     30           100 PM
 AVERAGE    58

..........................................................


THE COLUMBUS OH CLIMATE NORMALS FOR TOMORROW
                         NORMAL    RECORD    YEAR
 MAXIMUM TEMPERATURE (F)   75        93      1975
 MINIMUM TEMPERATURE (F)   55        33      1925


SUNRISE AND SUNSET
MAY 24 2018...........SUNRISE   609 AM EDT   SUNSET   848 PM EDT
MAY 25 2018...........SUNRISE   608 AM EDT   SUNSET   849 PM EDT


-  INDICATES NEGATIVE NUMBERS.
R  INDICATES RECORD WAS SET OR TIED.
MM INDICATES DATA IS MISSING.
T  INDICATES TRACE AMOUNT.




$$
