707
CDUS43 KTOP 270631
CLICNK


CLIMATE REPORT
NATIONAL WEATHER SERVICE TOPEKA KS
131 AM CDT SUN MAY 27 2018


...................................

...THE CONCORDIA KS CLIMATE SUMMARY FOR MAY 26 2018...

CLIMATE NORMAL PERIOD 1981 TO 2010
CLIMATE RECORD PERIOD 1885 TO 2018


WEATHER ITEM   OBSERVED TIME   RECORD YEAR NORMAL DEPARTURE LAST
                VALUE   (LST)  VALUE       VALUE  FROM      YEAR
                                                  NORMAL
..................................................................
TEMPERATURE (F)
 YESTERDAY
  MAXIMUM         95    457 PM  98    2012  77     18       81
  MINIMUM         68    541 AM  40    1940  55     13       58
  AVERAGE         82                        66     16       70

PRECIPITATION (IN)
  YESTERDAY        0.00          2.66 1996   0.14  -0.14     0.00
  MONTH TO DATE    3.65                      3.44   0.21     7.16
  SINCE MAR 1      5.22                      7.90  -2.68    15.69
  SINCE JAN 1      6.21                      9.27  -3.06    17.54

SNOWFALL (IN)
  YESTERDAY        0.0           T    1955   0.0    0.0      0.0
  MONTH TO DATE    0.0                       0.0    0.0       T
  SINCE JAN 1      9.8                      13.7   -3.9      2.1
  SINCE JUL 1     11.6                      20.2   -8.6      4.3
  SNOW DEPTH       0

DEGREE DAYS
 HEATING
  YESTERDAY        0                         2     -2        0
  MONTH TO DATE    8                       121   -113      145
  SINCE MAR 1   1221                      1178     43     1062
  SINCE JUL 1   5306                      5385    -79     4563

 COOLING
  YESTERDAY       17                         4     13        5
  MONTH TO DATE  146                        50     96       55
  SINCE MAR 1    155                        67     88       74
  SINCE JAN 1    155                        67     88       74
..................................................................


WIND (MPH)
  HIGHEST WIND SPEED    14   HIGHEST WIND DIRECTION     S (190)
  HIGHEST GUST SPEED    20   HIGHEST GUST DIRECTION    SW (210)
  AVERAGE WIND SPEED     7.7


SKY COVER
  AVERAGE SKY COVER 0.0


WEATHER CONDITIONS
 THE FOLLOWING WEATHER WAS RECORDED YESTERDAY.
  NO SIGNIFICANT WEATHER WAS OBSERVED.


RELATIVE HUMIDITY (PERCENT)
 HIGHEST    90           600 AM
 LOWEST     32           600 PM
 AVERAGE    61

..........................................................


THE CONCORDIA KS CLIMATE NORMALS FOR TODAY
                         NORMAL    RECORD    YEAR
 MAXIMUM TEMPERATURE (F)   78        95      2006
 MINIMUM TEMPERATURE (F)   56        34      1907


SUNRISE AND SUNSET
MAY 27 2018...........SUNRISE   608 AM CDT   SUNSET   848 PM CDT
MAY 28 2018...........SUNRISE   607 AM CDT   SUNSET   849 PM CDT


-  INDICATES NEGATIVE NUMBERS.
R  INDICATES RECORD WAS SET OR TIED.
MM INDICATES DATA IS MISSING.
T  INDICATES TRACE AMOUNT.




$$
