000
CDUS42 KILM 272049
CLICRE


CLIMATE REPORT
NATIONAL WEATHER SERVICE WILMINGTON NC
448 PM EDT SUN MAY 27 2018


...................................

...THE N.MYRTLE BEACH SOUTH CAROLINA CLIMATE SUMMARY FOR MAY 27 2018...
VALID TODAY AS OF 0400 PM LOCAL TIME.

CLIMATE NORMAL PERIOD 1981 TO 2010
CLIMATE RECORD PERIOD 1949 TO 2018


WEATHER ITEM   OBSERVED TIME   RECORD YEAR NORMAL DEPARTURE LAST
                VALUE   (LST)  VALUE       VALUE  FROM      YEAR
                                                  NORMAL
..................................................................
TEMPERATURE (F)
 TODAY
  MAXIMUM         82    121 PM  95    1989  81      1       84
  MINIMUM         71    524 AM  52    1949  64      7       65
  AVERAGE         77                        72      5       75

PRECIPITATION (IN)
  TODAY            0.00          0.17 2014   0.12  -0.12     0.00
  MONTH TO DATE    2.73                      2.85  -0.12     4.24
  SINCE MAR 1      9.80                      9.73   0.07     9.62
  SINCE JAN 1     15.51                     16.84  -1.33    13.15

DEGREE DAYS
 HEATING
  TODAY            0                         0      0        0
  MONTH TO DATE    4                        23    -19       10
  SINCE MAR 1    574                       502     72      402
  SINCE JUL 1   2338                      2446   -108     1806

 COOLING
  TODAY           12                         8      4       10
  MONTH TO DATE  217                       137     80      192
  SINCE MAR 1    241                       179     62      307
  SINCE JAN 1    261                       179     82      308
..................................................................


WIND (MPH)
  RESULTANT WIND SPEED   4   RESULTANT WIND DIRECTION   S (160)
  HIGHEST WIND SPEED    13   HIGHEST WIND DIRECTION    SE (130)
  HIGHEST GUST SPEED    16   HIGHEST GUST DIRECTION    SE (120)
  AVERAGE WIND SPEED     5.4


SKY COVER
  POSSIBLE SUNSHINE  MM
  AVERAGE SKY COVER 0.1


WEATHER CONDITIONS
 THE FOLLOWING WEATHER WAS RECORDED TODAY.
  FOG


RELATIVE HUMIDITY (PERCENT)
 HIGHEST   100           300 AM
 LOWEST     69           100 PM
 AVERAGE    85

..........................................................


THE N.MYRTLE BEACH SOUTH CAROLINA CLIMATE NORMALS FOR TOMORROW
                         NORMAL    RECORD    YEAR
 MAXIMUM TEMPERATURE (F)   81        91      2000
 MINIMUM TEMPERATURE (F)   64        54      1997


SUNRISE AND SUNSET
MAY 27 2018...........SUNRISE   607 AM EDT   SUNSET   817 PM EDT
MAY 28 2018...........SUNRISE   607 AM EDT   SUNSET   818 PM EDT


-  INDICATES NEGATIVE NUMBERS.
R  INDICATES RECORD WAS SET OR TIED.
MM INDICATES DATA IS MISSING.
T  INDICATES TRACE AMOUNT.




$$
