000
CDUS44 KCRP 240040
CLICRP

CLIMATE REPORT
NATIONAL WEATHER SERVICE CORPUS CHRISTI TX
738 PM CDT MON APR 23 2018


...................................

...THE CORPUS CHRISTI CLIMATE SUMMARY FOR APRIL 23 2018...
VALID TODAY AS OF 700 PM LOCAL TIME.

CLIMATE NORMAL PERIOD 1981 TO 2010
CLIMATE RECORD PERIOD 1887 TO 2018


WEATHER ITEM   OBSERVED TIME   RECORD YEAR NORMAL DEPARTURE LAST
                VALUE   (LST)  VALUE       VALUE  FROM      YEAR
                                                  NORMAL
..................................................................
TEMPERATURE (F)
 TODAY
  MAXIMUM         83    339 PM 102    1955  83      0       78
  MINIMUM         64    627 AM  48    1998  65     -1       57
  AVERAGE         74                        74      0       68

PRECIPITATION (IN)
  TODAY            0.00          7.19 1956   0.07  -0.07     0.28
  MONTH TO DATE    0.12                      1.35  -1.23     2.19
  SINCE MAR 1      2.13                      3.24  -1.11     7.18
  SINCE JAN 1      3.86                      6.71  -2.85    10.02

SNOWFALL (IN)
  TODAY            0.0
  MONTH TO DATE    0.0
  SINCE MAR 1      0.0
  SINCE JUL 1      1.0
  SNOW DEPTH       0

DEGREE DAYS
 HEATING
  TODAY            0                         0      0        0
  MONTH TO DATE   17                        15      2        0
  SINCE MAR 1     42                        96    -54       16
  SINCE JUL 1    871                       896    -25      368

 COOLING
  TODAY            9                         9      0        3
  MONTH TO DATE  152                       169    -17      218
  SINCE MAR 1    357                       284     73      421
  SINCE JAN 1    479                       360    119      690
..................................................................


WIND (MPH)
  HIGHEST WIND SPEED    17   HIGHEST WIND DIRECTION    SE (150)
  HIGHEST GUST SPEED    20   HIGHEST GUST DIRECTION    SE (140)


SKY COVER
  POSSIBLE SUNSHINE  MM
  AVERAGE SKY COVER 0.6


WEATHER CONDITIONS
 THE FOLLOWING WEATHER WAS RECORDED TODAY.
  NO SIGNIFICANT WEATHER WAS OBSERVED.


RELATIVE HUMIDITY (PERCENT)
 HIGHEST    78           600 AM
 LOWEST     36           200 PM
 AVERAGE    57

..........................................................


THE CORPUS CHRISTI CLIMATE NORMALS FOR TOMORROW
                         NORMAL    RECORD    YEAR
 MAXIMUM TEMPERATURE (F)   83        94      1953
 MINIMUM TEMPERATURE (F)   65        49      1983


SUNRISE AND SUNSET
APRIL 23 2018.........SUNRISE   657 AM CDT   SUNSET   800 PM CDT
APRIL 24 2018.........SUNRISE   656 AM CDT   SUNSET   800 PM CDT


-  INDICATES NEGATIVE NUMBERS.
R  INDICATES RECORD WAS SET OR TIED.
MM INDICATES DATA IS MISSING.
T  INDICATES TRACE AMOUNT.




$$
