000
CDUS41 KRLX 252132
CLICRW


CLIMATE REPORT
NATIONAL WEATHER SERVICE CHARLESTON WV
531 PM EDT WED APR 25 2018


...................................

...THE CHARLESTON WV CLIMATE SUMMARY FOR APRIL 25 2018...
VALID TODAY AS OF 0500 PM LOCAL TIME.

CLIMATE NORMAL PERIOD 1981 TO 2010
CLIMATE RECORD PERIOD 1901 TO 2018


WEATHER ITEM   OBSERVED TIME   RECORD YEAR NORMAL DEPARTURE LAST
                VALUE   (LST)  VALUE       VALUE  FROM      YEAR
                                                  NORMAL
..................................................................
TEMPERATURE (F)
 TODAY
  MAXIMUM         59    306 PM  96    1925  71    -12       70
  MINIMUM         53    744 AM  28    1927  47      6       52
  AVERAGE         56                        59     -3       61

PRECIPITATION (IN)
  TODAY            0.03          1.00 1904   0.12  -0.09     0.26
  MONTH TO DATE    4.05                      2.65   1.40     2.53
  SINCE MAR 1      8.40                      6.56   1.84     6.72
  SINCE JAN 1     19.53                     12.75   6.78    14.02

DEGREE DAYS
 HEATING
  TODAY            9                         7      2        4
  MONTH TO DATE  362                       261    101      148
  SINCE MAR 1   1079                       861    218      717
  SINCE JUL 1   4350                      4315     35     3424

 COOLING
  TODAY            0                         1     -1        0
  MONTH TO DATE   11                        24    -13       20
  SINCE MAR 1     13                        29    -16       23
  SINCE JAN 1     22                        29     -7       23
..................................................................


WIND (MPH)
  HIGHEST WIND SPEED    15   HIGHEST WIND DIRECTION     W (290)
  HIGHEST GUST SPEED    20   HIGHEST GUST DIRECTION     W (290)
  AVERAGE WIND SPEED     2.6


SKY COVER
  POSSIBLE SUNSHINE  MM
  AVERAGE SKY COVER 1.0


WEATHER CONDITIONS
 THE FOLLOWING WEATHER WAS RECORDED TODAY.
  LIGHT RAIN
  FOG


RELATIVE HUMIDITY (PERCENT)
 HIGHEST   100          1200 AM
 LOWEST     80           300 PM
 AVERAGE    90

..........................................................


THE CHARLESTON WV CLIMATE NORMALS FOR TOMORROW
                         NORMAL    RECORD    YEAR
 MAXIMUM TEMPERATURE (F)   71        95      1915
 MINIMUM TEMPERATURE (F)   47        29      1927


SUNRISE AND SUNSET
APRIL 25 2018.........SUNRISE   637 AM EDT   SUNSET   812 PM EDT
APRIL 26 2018.........SUNRISE   636 AM EDT   SUNSET   813 PM EDT


-  INDICATES NEGATIVE NUMBERS.
R  INDICATES RECORD WAS SET OR TIED.
MM INDICATES DATA IS MISSING.
T  INDICATES TRACE AMOUNT.




$$
