000
CDUS42 KFFC 210820
CLICSG


CLIMATE REPORT
NATIONAL WEATHER SERVICE PEACHTREE CITY GA
419 AM EDT SAT APR 21 2018


...................................

...THE COLUMBUS CLIMATE SUMMARY FOR APRIL 20 2018...

CLIMATE NORMAL PERIOD 1981 TO 2010
CLIMATE RECORD PERIOD 1948 TO 2018


WEATHER ITEM   OBSERVED TIME   RECORD YEAR NORMAL DEPARTURE LAST
                VALUE   (LST)  VALUE       VALUE  FROM      YEAR
                                                  NORMAL
..................................................................
TEMPERATURE (F)
 YESTERDAY
  MAXIMUM         73    453 PM  92    1927  78     -5       88
  MINIMUM         48    416 AM  35    1953  54     -6       64
  AVERAGE         61                        66     -5       76

PRECIPITATION (IN)
  YESTERDAY        0.00          1.09 1934   0.11  -0.11     0.00
  MONTH TO DATE    2.56                      2.49   0.07     1.67
  SINCE MAR 1      5.71                      7.95  -2.24     3.20
  SINCE JAN 1     10.87                     16.24  -5.37    17.46

DEGREE DAYS
 HEATING
  YESTERDAY        4                         2      2        0
  MONTH TO DATE   76                        75      1       20
  SINCE MAR 1    328                       321      7      223
  SINCE JUL 1   1785                      2098   -313     1353

 COOLING
  YESTERDAY        0                         3     -3       11
  MONTH TO DATE   27                        42    -15      102
  SINCE MAR 1     52                        65    -13      172
  SINCE JAN 1    124                        69     55      189
..................................................................


WIND (MPH)
  HIGHEST WIND SPEED    24   HIGHEST WIND DIRECTION     E (90)
  HIGHEST GUST SPEED    30   HIGHEST GUST DIRECTION     E (80)
  AVERAGE WIND SPEED     8.9


SKY COVER
  AVERAGE SKY COVER 0.0


WEATHER CONDITIONS
 THE FOLLOWING WEATHER WAS RECORDED YESTERDAY.
  NO SIGNIFICANT WEATHER WAS OBSERVED.


RELATIVE HUMIDITY (PERCENT)
 HIGHEST    56           400 AM
 LOWEST     27           500 PM
 AVERAGE    42

..........................................................


THE COLUMBUS CLIMATE NORMALS FOR TODAY
                         NORMAL    RECORD    YEAR
 MAXIMUM TEMPERATURE (F)   78        93      1927
 MINIMUM TEMPERATURE (F)   54        32      1953


SUNRISE AND SUNSET
APRIL 21 2018.........SUNRISE   703 AM EDT   SUNSET   814 PM EDT
APRIL 22 2018.........SUNRISE   702 AM EDT   SUNSET   815 PM EDT


-  INDICATES NEGATIVE NUMBERS.
R  INDICATES RECORD WAS SET OR TIED.
MM INDICATES DATA IS MISSING.
T  INDICATES TRACE AMOUNT.




$$
