000
CDUS42 KTAE 240634
CLICTY


CLIMATE REPORT
NATIONAL WEATHER SERVICE TALLAHASSEE FL
233 AM EDT TUE APR 24 2018


...................................

...THE CROSS CITY  CLIMATE SUMMARY FOR APRIL 23 2018...

CLIMATE NORMAL PERIOD 1981 TO 2010
CLIMATE RECORD PERIOD 1948 TO 2018


WEATHER ITEM   OBSERVED TIME   NORMAL DEPARTURE LAST
                VALUE   (LST)  VALUE  FROM      YEAR
                                      NORMAL
......................................................
TEMPERATURE (F)
 YESTERDAY
  MAXIMUM         81   1255 PM  82     -1       86
  MINIMUM         66   1135 PM  55     11       61
  AVERAGE         74            68      6

PRECIPITATION (IN)
  YESTERDAY        0.24          0.07   0.17     0.00
  MONTH TO DATE    6.58          2.57   4.01     2.11
  SINCE MAR 1     10.91          6.78   4.13     2.97
  SINCE JAN 1     18.59         14.09   4.50     5.52

DEGREE DAYS
 HEATING
  YESTERDAY        0             1     -1
  MONTH TO DATE   29            44    -15
  SINCE MAR 1    215           179     36
  SINCE JUL 1   1164          1299   -135

 COOLING
  YESTERDAY        9             4      5
  MONTH TO DATE   82            74      8
  SINCE MAR 1    103           121    -18
  SINCE JAN 1    214           148     66
......................................................


WIND (MPH)
  RESULTANT WIND SPEED   7   RESULTANT WIND DIRECTION   S (200)
  HIGHEST WIND SPEED    16   HIGHEST WIND DIRECTION     S (200)
  HIGHEST GUST SPEED    22   HIGHEST GUST DIRECTION    SW (210)
  AVERAGE WIND SPEED     8.0



WEATHER CONDITIONS
 THE FOLLOWING WEATHER WAS RECORDED YESTERDAY.
  RAIN
  LIGHT RAIN


RELATIVE HUMIDITY (PERCENT)
 HIGHEST   100
 LOWEST     69

..........................................................




SUNRISE AND SUNSET
APRIL 24 2018.........SUNRISE   657 AM EDT   SUNSET   805 PM EDT
APRIL 25 2018.........SUNRISE   656 AM EDT   SUNSET   805 PM EDT


-  INDICATES NEGATIVE NUMBERS.
R  INDICATES RECORD WAS SET OR TIED.
MM INDICATES DATA IS MISSING.
T  INDICATES TRACE AMOUNT.




$$
