000
CDUS46 KSGX 270035
CLICZZ


CLIMATE REPORT
NATIONAL WEATHER SERVICE SAN DIEGO, CA
534 PM PDT THU APR 26 2018


...................................

...THE CAMPO ASOS CA CLIMATE SUMMARY FOR APRIL 26 2018...
VALID TODAY AS OF 0500 PM LOCAL TIME.

CLIMATE NORMAL PERIOD 1981 TO 2010
CLIMATE RECORD PERIOD 1948 TO 2018


WEATHER ITEM   OBSERVED TIME   RECORD YEAR NORMAL DEPARTURE LAST
                VALUE   (LST)  VALUE       VALUE  FROM      YEAR
                                                  NORMAL
..................................................................
TEMPERATURE (F)
 TODAY
  MAXIMUM         78    235 PM  95    1996  75      3       77
  MINIMUM         40    434 AM  21    1974  39      1       39
  AVERAGE         59                        57      2       58

PRECIPITATION (IN)
  TODAY            0.00          0.65 1963   0.02  -0.02     0.00
  MONTH TO DATE    0.03                      0.87  -0.84     0.00
  SINCE OCT 1      4.26                     13.99  -9.73    15.69
  SINCE JAN 1      3.91                      9.77  -5.86    10.46

DEGREE DAYS
 HEATING
  TODAY            6                         8     -2        7
  MONTH TO DATE  204                       269    -65      241
  SINCE MAR 1    622                       686    -64      550
  SINCE JUL 1   2244                      2737   -493     2460

 COOLING
  TODAY            0                         0      0        0
  MONTH TO DATE    0                         0      0        2
  SINCE MAR 1      0                         0      0        2
  SINCE JAN 1      0                         0      0        2
..................................................................


WIND (MPH)
  RESULTANT WIND SPEED   5   RESULTANT WIND DIRECTION  SW (210)
  HIGHEST WIND SPEED    22   HIGHEST WIND DIRECTION    SW (220)
  HIGHEST GUST SPEED    27   HIGHEST GUST DIRECTION    SW (210)
  AVERAGE WIND SPEED    10.6


SKY COVER
  POSSIBLE SUNSHINE  MM
  AVERAGE SKY COVER 0.0



RELATIVE HUMIDITY (PERCENT)
 HIGHEST    76           100 AM
 LOWEST     13          1000 AM
 AVERAGE    45

..........................................................


THE CAMPO ASOS CA CLIMATE NORMALS FOR TOMORROW
                         NORMAL    RECORD    YEAR
 MAXIMUM TEMPERATURE (F)   75        92      2004
                                             1996
 MINIMUM TEMPERATURE (F)   39        27      1975


SUNRISE AND SUNSET
APRIL 26 2018.........SUNRISE   604 AM PDT   SUNSET   724 PM PDT
APRIL 27 2018.........SUNRISE   603 AM PDT   SUNSET   725 PM PDT


-  INDICATES NEGATIVE NUMBERS.
R  INDICATES RECORD WAS SET OR TIED.
MM INDICATES DATA IS MISSING.
T  INDICATES TRACE AMOUNT.




$$
