000
CDUS43 KUNR 200831
CLID07


CLIMATE REPORT
NATIONAL WEATHER SERVICE RAPID CITY SD
231 AM MDT FRI APR 20 2018


...................................

...THE FAITH SD CLIMATE SUMMARY FOR APRIL 19 2018...

CLIMATE NORMAL PERIOD 1981 TO 2010
CLIMATE RECORD PERIOD 9999 TO 9999


WEATHER ITEM   OBSERVED TIME   NORMAL DEPARTURE LAST
                VALUE   (LST)  VALUE  FROM      YEAR
                                      NORMAL
......................................................
TEMPERATURE (F)
 YESTERDAY
  MAXIMUM         55    259 PM  59     -4       45
  MINIMUM         30    536 AM  34     -4       40
  AVERAGE         43            46     -3       43

PRECIPITATION (IN)
  YESTERDAY        0.00          0.05  -0.05     0.82
  MONTH TO DATE    0.97          0.80   0.17     1.46
  SINCE MAR 1      2.24          1.78   0.46     1.96
  SINCE JAN 1      3.34          2.40   0.94     2.98

DEGREE DAYS
 HEATING
  YESTERDAY       22            19      3       22
  MONTH TO DATE  674           429    245      324
  SINCE MAR 1   1850          1432    418     1234
  SINCE JUL 1   7802          7120    682     6585

 COOLING
  YESTERDAY        0             0      0        0
  MONTH TO DATE    0             0      0        0
  SINCE MAR 1      0             0      0        0
  SINCE JAN 1      0             0      0        0
......................................................


WIND (MPH)
  HIGHEST WIND SPEED    22   HIGHEST WIND DIRECTION    SE (130)
  HIGHEST GUST SPEED    27   HIGHEST GUST DIRECTION    SE (130)
  AVERAGE WIND SPEED    13.9




RELATIVE HUMIDITY (PERCENT)
 HIGHEST   100           300 AM
 LOWEST     41           400 PM
 AVERAGE    71

..........................................................




SUNRISE AND SUNSET
APRIL 20 2018.........SUNRISE   555 AM MDT   SUNSET   740 PM MDT
APRIL 21 2018.........SUNRISE   553 AM MDT   SUNSET   741 PM MDT


-  INDICATES NEGATIVE NUMBERS.
R  INDICATES RECORD WAS SET OR TIED.
MM INDICATES DATA IS MISSING.
T  INDICATES TRACE AMOUNT.




$$
