000
CDUS42 KMLB 240645
CLIDAB


CLIMATE REPORT
NATIONAL WEATHER SERVICE MELBOURNE FL
245 AM EDT TUE APR 24 2018


...................................

...THE DAYTONA BEACH CLIMATE SUMMARY FOR APRIL 23 2018...

CLIMATE NORMAL PERIOD 1981 TO 2010
CLIMATE RECORD PERIOD 1923 TO 2018


WEATHER ITEM   OBSERVED TIME   RECORD YEAR NORMAL DEPARTURE LAST
                VALUE   (LST)  VALUE       VALUE  FROM      YEAR
                                                  NORMAL
..................................................................
TEMPERATURE (F)
 YESTERDAY
  MAXIMUM         83    209 PM  92    1988  80      3       84
                                      1963
  MINIMUM         69   1159 PM  42    1993  60      9       68
  AVERAGE         76                        70      6       76

PRECIPITATION (IN)
  YESTERDAY        0.23          1.14 1983   0.06   0.17     0.00
  MONTH TO DATE    4.09                      1.79   2.30     1.22
  SINCE MAR 1      5.70                      6.03  -0.33     2.29
  SINCE JAN 1     12.50                     11.55   0.95     6.30

SNOWFALL (IN)
  YESTERDAY        0.0
  MONTH TO DATE    T
  SINCE JUL 1      T

DEGREE DAYS
 HEATING
  YESTERDAY        0                         1     -1        0
  MONTH TO DATE    9                        26    -17       13
  SINCE MAR 1    148                       123     25       95
  SINCE JUL 1    645                       805   -160      401

 COOLING
  YESTERDAY       11                         6      5       11
  MONTH TO DATE  120                       101     19      148
  SINCE MAR 1    190                       178     12      269
  SINCE JAN 1    352                       243    109      389
..................................................................


WIND (MPH)
  HIGHEST WIND SPEED    18   HIGHEST WIND DIRECTION    SW (240)
  HIGHEST GUST SPEED    25   HIGHEST GUST DIRECTION    SW (240)
  AVERAGE WIND SPEED     5.6


SKY COVER
  AVERAGE SKY COVER 0.8


WEATHER CONDITIONS
 THE FOLLOWING WEATHER WAS RECORDED YESTERDAY.
  THUNDERSTORM
  HEAVY RAIN
  LIGHT RAIN
  FOG


RELATIVE HUMIDITY (PERCENT)
 HIGHEST   100           200 AM
 LOWEST     69           200 PM
 AVERAGE    85

..........................................................


THE DAYTONA BEACH CLIMATE NORMALS FOR TODAY
                         NORMAL    RECORD    YEAR
 MAXIMUM TEMPERATURE (F)   81        96      1968
 MINIMUM TEMPERATURE (F)   60        41      1986


SUNRISE AND SUNSET
APRIL 24 2018.........SUNRISE   649 AM EDT   SUNSET   756 PM EDT
APRIL 25 2018.........SUNRISE   648 AM EDT   SUNSET   757 PM EDT


-  INDICATES NEGATIVE NUMBERS.
R  INDICATES RECORD WAS SET OR TIED.
MM INDICATES DATA IS MISSING.
T  INDICATES TRACE AMOUNT.




$$
