000
CDUS41 KRNK 222112
CLIDAN


CLIMATE REPORT
NATIONAL WEATHER SERVICE BLACKSBURG VA
511 PM EDT SUN APR 22 2018


...................................

...THE DANVILLE VA CLIMATE SUMMARY FOR APRIL 22 2018...
VALID TODAY AS OF 0500 PM LOCAL TIME.

CLIMATE NORMAL PERIOD 1981 TO 2010
CLIMATE RECORD PERIOD 1948 TO 2018


WEATHER ITEM   OBSERVED TIME   RECORD YEAR NORMAL DEPARTURE LAST
                VALUE   (LST)  VALUE       VALUE  FROM      YEAR
                                                  NORMAL
..................................................................
TEMPERATURE (F)
 TODAY
  MAXIMUM         70    241 PM  95    1985  72     -2       83
  MINIMUM         39    608 AM  27    1953  49    -10       50
  AVERAGE         55                        60     -5       67

PRECIPITATION (IN)
  TODAY            0.00          4.17 1992   0.11  -0.11     0.96
  MONTH TO DATE    2.26                      2.58  -0.32     2.38
  SINCE MAR 1      5.81                      6.69  -0.88     5.03
  SINCE JAN 1     11.03                     13.12  -2.09     9.80

SNOWFALL (IN)
  TODAY            0.0                                       0.0
  MONTH TO DATE    T                                         0.0
  SINCE MAR 1      7.4                                        T
  SINCE JUL 1     21.1                                       8.8
  SNOW DEPTH       0

DEGREE DAYS
 HEATING
  TODAY           10                         6      4        0
  MONTH TO DATE  244                       191     53       99
  SINCE MAR 1    862                       701    161      577
  SINCE JUL 1   3527                      3702   -175     3033

 COOLING
  TODAY            0                         1     -1        2
  MONTH TO DATE   14                        21     -7       41
  SINCE MAR 1     15                        24     -9       44
  SINCE JAN 1     15                        24     -9       49
..................................................................


WIND (MPH)
  HIGHEST WIND SPEED    14   HIGHEST WIND DIRECTION    SW (240)
  HIGHEST GUST SPEED    16   HIGHEST GUST DIRECTION    SW (230)
  AVERAGE WIND SPEED     3.7


SKY COVER
  AVERAGE SKY COVER 0.0


WEATHER CONDITIONS
 THE FOLLOWING WEATHER WAS RECORDED TODAY.
  NO SIGNIFICANT WEATHER WAS OBSERVED.


RELATIVE HUMIDITY (PERCENT)
 HIGHEST   100           500 AM
 LOWEST     35           300 PM
 AVERAGE    68

..........................................................


THE DANVILLE VA CLIMATE NORMALS FOR TOMORROW
                         NORMAL    RECORD    YEAR
 MAXIMUM TEMPERATURE (F)   72        95      1985
 MINIMUM TEMPERATURE (F)   49        31      1982


SUNRISE AND SUNSET
APRIL 22 2018.........SUNRISE   634 AM EDT   SUNSET   758 PM EDT
APRIL 23 2018.........SUNRISE   633 AM EDT   SUNSET   759 PM EDT


-  INDICATES NEGATIVE NUMBERS.
R  INDICATES RECORD WAS SET OR TIED.
MM INDICATES DATA IS MISSING.
T  INDICATES TRACE AMOUNT.

REMARKS:
DUE TO MISSING DATA FROM JANUARY 4-9, 21-22, AND MARCH 2-3...ALL
INFORMATION WILL BE CALCULATED WITHOUT DATA FROM THESE DATES.

$$
