000
CDUS41 KILN 212053
CLIDAY


CLIMATE REPORT
NATIONAL WEATHER SERVICE WILMINGTON OH
452 PM EDT SAT APR 21 2018


...................................

...THE DAYTON OH CLIMATE SUMMARY FOR APRIL 21 2018...
VALID TODAY AS OF 0400 PM LOCAL TIME.

CLIMATE NORMAL PERIOD 1981 TO 2010
CLIMATE RECORD PERIOD 1869 TO 2018


WEATHER ITEM   OBSERVED TIME   RECORD YEAR NORMAL DEPARTURE LAST
                VALUE   (LST)  VALUE       VALUE  FROM      YEAR
                                                  NORMAL
..................................................................
TEMPERATURE (F)
 TODAY
  MAXIMUM         57    326 PM  84    1987  64     -7       64
                                      1985
                                      1899
  MINIMUM         36    553 AM  26    1904  43     -7       47
  AVERAGE         47                        54     -7       56

PRECIPITATION (IN)
  TODAY            0.00          2.11 1928   0.15  -0.15      T
  MONTH TO DATE    4.47                      2.82   1.65     2.16
  SINCE MAR 1      8.03                      6.16   1.87     7.11
  SINCE JAN 1     16.34                     11.11   5.23    12.05

SNOWFALL (IN)
  TODAY            0.0           3.5  1901   0.0    0.0      0.0
  MONTH TO DATE    3.4                       0.6    2.8       T
  SINCE MAR 1      9.2                       4.0    5.2      1.3
  SINCE JUL 1     26.7                      23.3    3.4      8.5
  SNOW DEPTH       0

DEGREE DAYS
 HEATING
  TODAY           18                        12      6        9
  MONTH TO DATE  456                       319    137      176
  SINCE MAR 1   1326                      1083    243      907
  SINCE JUL 1   5434                      5358     76     4337

 COOLING
  TODAY            0                         1     -1        0
  MONTH TO DATE    7                         1      6       26
  SINCE MAR 1      7                         1      6       28
  SINCE JAN 1     10                         1      9       28
..................................................................


WIND (MPH)
  RESULTANT WIND SPEED   7   RESULTANT WIND DIRECTION   E (100)
  HIGHEST WIND SPEED    14   HIGHEST WIND DIRECTION    SE (120)
  HIGHEST GUST SPEED    17   HIGHEST GUST DIRECTION    SE (120)
  AVERAGE WIND SPEED     7.3


SKY COVER
  POSSIBLE SUNSHINE  MM
  AVERAGE SKY COVER 0.5


WEATHER CONDITIONS
 THE FOLLOWING WEATHER WAS RECORDED TODAY.
  NO SIGNIFICANT WEATHER WAS OBSERVED.


RELATIVE HUMIDITY (PERCENT)
 HIGHEST    59           400 AM
 LOWEST     26          1200 PM
 AVERAGE    43

..........................................................


THE DAYTON OH CLIMATE NORMALS FOR TOMORROW
                         NORMAL    RECORD    YEAR
 MAXIMUM TEMPERATURE (F)   64        86      1985
 MINIMUM TEMPERATURE (F)   44        28      1986
                                             1907


SUNRISE AND SUNSET
APRIL 21 2018.........SUNRISE   650 AM EDT   SUNSET   821 PM EDT
APRIL 22 2018.........SUNRISE   649 AM EDT   SUNSET   822 PM EDT


-  INDICATES NEGATIVE NUMBERS.
R  INDICATES RECORD WAS SET OR TIED.
MM INDICATES DATA IS MISSING.
T  INDICATES TRACE AMOUNT.




$$
