000
CDUS43 KDVN 210911
CLIDBQ


CLIMATE REPORT
NATIONAL WEATHER SERVICE QUAD CITIES IA IL
411 AM CDT SAT APR 21 2018


...................................

...THE DUBUQUE IA CLIMATE SUMMARY FOR APRIL 20 2018...

CLIMATE NORMAL PERIOD 1981 TO 2010
CLIMATE RECORD PERIOD 1873 TO 2018


WEATHER ITEM   OBSERVED TIME   RECORD YEAR NORMAL DEPARTURE LAST
                VALUE   (LST)  VALUE       VALUE  FROM      YEAR
                                                  NORMAL
..................................................................
TEMPERATURE (F)
 YESTERDAY
  MAXIMUM         57    509 PM  86    1987  61     -4       55
  MINIMUM         27    407 AM  26    1956  40    -13       41
  AVERAGE         42                        50     -8       48

PRECIPITATION (IN)
  YESTERDAY        0.00          1.56 1893   0.12  -0.12     0.01
  MONTH TO DATE    1.59                      2.34  -0.75     3.76
  SINCE MAR 1      3.43                      4.75  -1.32     5.89
  SINCE JAN 1      7.48                      7.36   0.12     9.70

SNOWFALL (IN)
  YESTERDAY        0.0          MM      MM   0.1   -0.1      0.0
  MONTH TO DATE    8.6                       1.7    6.9       T
  SINCE MAR 1     16.2                       8.0    8.2      4.5
  SINCE JUL 1     38.2                      41.6   -3.4     27.1
  SNOW DEPTH       0

DEGREE DAYS
 HEATING
  YESTERDAY       23                        15      8       17
  MONTH TO DATE  656                       377    279      261
  SINCE MAR 1   1610                      1295    315     1150
  SINCE JUL 1   6915                      6688    227     5631

 COOLING
  YESTERDAY        0                         0      0        0
  MONTH TO DATE    0                         0      0        5
  SINCE MAR 1      0                         0      0        5
  SINCE JAN 1      0                         0      0        5
..................................................................


WIND (MPH)
  HIGHEST WIND SPEED    10   HIGHEST WIND DIRECTION    SW (220)
  HIGHEST GUST SPEED    14   HIGHEST GUST DIRECTION     W (250)
  AVERAGE WIND SPEED     3.5


SKY COVER
  POSSIBLE SUNSHINE  MM
  AVERAGE SKY COVER 0.0


WEATHER CONDITIONS
 THE FOLLOWING WEATHER WAS RECORDED YESTERDAY.
  NO SIGNIFICANT WEATHER WAS OBSERVED.


RELATIVE HUMIDITY (PERCENT)
 HIGHEST    75           100 AM
 LOWEST     25           400 PM
 AVERAGE    50

..........................................................


THE DUBUQUE IA CLIMATE NORMALS FOR TODAY
                         NORMAL    RECORD    YEAR
 MAXIMUM TEMPERATURE (F)   61        85      1980
                                             1902
 MINIMUM TEMPERATURE (F)   40        26      1982
                                             1904


SUNRISE AND SUNSET
APRIL 21 2018.........SUNRISE   612 AM CDT   SUNSET   751 PM CDT
APRIL 22 2018.........SUNRISE   611 AM CDT   SUNSET   752 PM CDT


-  INDICATES NEGATIVE NUMBERS.
R  INDICATES RECORD WAS SET OR TIED.
MM INDICATES DATA IS MISSING.
T  INDICATES TRACE AMOUNT.




$$
