000
CDUS44 KSHV 220755
CLIDEQ


CLIMATE REPORT
NATIONAL WEATHER SERVICE SHREVEPORT, LA
254 AM CDT SUN APR 22 2018


...................................

...THE DE QUEEN CLIMATE SUMMARY FOR APRIL 21 2018...

CLIMATE NORMAL PERIOD 1981 TO 2010
CLIMATE RECORD PERIOD 1902 TO 2018


WEATHER ITEM   OBSERVED TIME   RECORD YEAR NORMAL DEPARTURE LAST
                VALUE   (LST)  VALUE       VALUE  FROM      YEAR
                                                  NORMAL
..................................................................
TEMPERATURE (F)
 YESTERDAY
  MAXIMUM         68   1137 AM  94    1987  75     -7       81
  MINIMUM         43    141 AM  33    1953  50     -7       62
  AVERAGE         56                        63     -7       72

PRECIPITATION (IN)
  YESTERDAY        0.94          1.92 1957   0.13   0.81     0.29
  MONTH TO DATE    4.42                      2.45   1.97     6.50
  SINCE DEC 1     28.56                     18.45  10.11    17.28
  SINCE JAN 1     23.31                     14.09   9.22    14.57

SNOWFALL (IN)
  YESTERDAY        0.0
  MONTH TO DATE    0.0
  SINCE MAR 1      0.0
  SINCE JUL 1      0.1
  SNOW DEPTH       0

DEGREE DAYS
 HEATING
  YESTERDAY        9                         4      5        0
  MONTH TO DATE  191                       129     62       39
  SINCE MAR 1    472                       506    -34      272
  SINCE JUL 1   2846                      2997   -151     2041

 COOLING
  YESTERDAY        0                         1     -1        7
  MONTH TO DATE    4                        21    -17       54
  SINCE MAR 1     16                        30    -14       81
  SINCE JAN 1     18                        32    -14       91
..................................................................


WIND (MPH)
  HIGHEST WIND SPEED    20   HIGHEST WIND DIRECTION     E (110)
  HIGHEST GUST SPEED    26   HIGHEST GUST DIRECTION    SE (120)
  AVERAGE WIND SPEED     4.6


SKY COVER
  POSSIBLE SUNSHINE  MM
  AVERAGE SKY COVER 0.4


WEATHER CONDITIONS
 THE FOLLOWING WEATHER WAS RECORDED YESTERDAY.
  HEAVY RAIN
  RAIN
  LIGHT RAIN
  FOG


RELATIVE HUMIDITY (PERCENT)
 HIGHEST   100           400 PM
 LOWEST     48           100 PM
 AVERAGE    74

..........................................................


THE DE QUEEN CLIMATE NORMALS FOR TODAY
                         NORMAL    RECORD    YEAR
 MAXIMUM TEMPERATURE (F)   76        92      1955
 MINIMUM TEMPERATURE (F)   50        34      1993


SUNRISE AND SUNSET
APRIL 22 2018.........SUNRISE   638 AM CDT   SUNSET   754 PM CDT
APRIL 23 2018.........SUNRISE   637 AM CDT   SUNSET   755 PM CDT


-  INDICATES NEGATIVE NUMBERS.
R  INDICATES RECORD WAS SET OR TIED.
MM INDICATES DATA IS MISSING.
T  INDICATES TRACE AMOUNT.




$$
