000
CDUS45 KTFX 250911
CLIDLN


CLIMATE REPORT
NATIONAL WEATHER SERVICE GREAT FALLS MT
308 AM MDT WED APR 25 2018


...................................

...THE DILLON AIRPORT MT CLIMATE SUMMARY FOR APRIL 24 2018...

CLIMATE NORMAL PERIOD 1981 TO 2010
CLIMATE RECORD PERIOD 1929 TO 2018


WEATHER ITEM   OBSERVED TIME   RECORD YEAR NORMAL DEPARTURE LAST
                VALUE   (LST)  VALUE       VALUE  FROM      YEAR
                                                  NORMAL
..................................................................
TEMPERATURE (F)
 YESTERDAY
  MAXIMUM         53    635 PM  77    2012  57     -4       50
                                      1946
  MINIMUM         24    545 AM  18    1960  31     -7       35
  AVERAGE         39                        44     -5       43

PRECIPITATION (IN)
  YESTERDAY        0.00          1.00 1971   0.03  -0.03     0.17
  MONTH TO DATE    1.42                      0.80   0.62     1.56
  SINCE OCT 1      4.09                      3.28   0.81     4.96
  SINCE JAN 1      2.96                      1.88   1.08     2.42

SNOWFALL (IN)
  YESTERDAY       MM
  SNOW DEPTH       0

DEGREE DAYS
 HEATING
  YESTERDAY       26                                5       22
  MONTH TO DATE  635                               52      549
  SINCE MAR 1   1750                              217     1285
  SINCE JUL 1   7727                              277     7240

 COOLING
  YESTERDAY        0                                0        0
  MONTH TO DATE    0                                0        0
  SINCE MAR 1      0                                0        0
  SINCE JAN 1      0                                0        0
..................................................................


WIND (MPH)
  HIGHEST WIND SPEED    15   HIGHEST WIND DIRECTION     S (200)
  HIGHEST GUST SPEED    17   HIGHEST GUST DIRECTION     S (200)
  AVERAGE WIND SPEED     4.2


SKY COVER
  AVERAGE SKY COVER 0.1


WEATHER CONDITIONS
 THE FOLLOWING WEATHER WAS RECORDED YESTERDAY.
  NO SIGNIFICANT WEATHER WAS OBSERVED.


RELATIVE HUMIDITY (PERCENT)
 HIGHEST   100
 LOWEST     32
 AVERAGE    66

..........................................................


THE DILLON AIRPORT MT CLIMATE NORMALS FOR TODAY
                         NORMAL    RECORD    YEAR
 MAXIMUM TEMPERATURE (F)   58        82      1946
 MINIMUM TEMPERATURE (F)   31        16      1985


SUNRISE AND SUNSET
APRIL 25 2018.........SUNRISE   628 AM MDT   SUNSET   829 PM MDT
APRIL 26 2018.........SUNRISE   627 AM MDT   SUNSET   830 PM MDT


-  INDICATES NEGATIVE NUMBERS.
R  INDICATES RECORD WAS SET OR TIED.
MM INDICATES DATA IS MISSING.
T  INDICATES TRACE AMOUNT.




$$
