000
CDUS43 KEAX 260633
CLIDMO


CLIMATE REPORT
NATIONAL WEATHER SERVICE KANSAS CITY/PLEASANT HILL MO
132 AM CDT SAT MAY 26 2018


...................................

...THE SEDALIA MO CLIMATE SUMMARY FOR MAY 25 2018...

CLIMATE NORMAL PERIOD 1981 TO 2010
CLIMATE RECORD PERIOD 9999 TO 9999


WEATHER ITEM   OBSERVED TIME   NORMAL DEPARTURE LAST
                VALUE   (LST)  VALUE  FROM      YEAR
                                      NORMAL
......................................................
TEMPERATURE (F)
 YESTERDAY
  MAXIMUM         82    413 PM  79      3       77
  MINIMUM         68    856 AM  58     10       49
  AVERAGE         75            68      7       63

PRECIPITATION (IN)
  YESTERDAY        0.59          0.13   0.46     0.00
  MONTH TO DATE    3.96          3.82   0.14     3.05
  SINCE MAR 1      7.16         10.68  -3.52    13.84
  SINCE JAN 1     11.11         14.28  -3.17    15.26

DEGREE DAYS
 HEATING
  YESTERDAY        0             1     -1        2
  MONTH TO DATE    0            77    -77       72
  SINCE MAR 1   1089           942    147      721
  SINCE JUL 1   4619          4559     60     3604

 COOLING
  YESTERDAY       10             5      5        0
  MONTH TO DATE  218            71    147       77
  SINCE MAR 1    238           105    133      127
  SINCE JAN 1    238           105    133      127
......................................................


WIND (MPH)
  HIGHEST WIND SPEED    13   HIGHEST WIND DIRECTION     E (110)
  HIGHEST GUST SPEED    17   HIGHEST GUST DIRECTION     E (110)
  AVERAGE WIND SPEED     5.0


SKY COVER
  AVERAGE SKY COVER 0.4


WEATHER CONDITIONS
 THE FOLLOWING WEATHER WAS RECORDED YESTERDAY.
  THUNDERSTORM
  HEAVY RAIN
  RAIN
  LIGHT RAIN
  FOG


RELATIVE HUMIDITY (PERCENT)
 HIGHEST   100           900 AM
 LOWEST     65           300 PM
 AVERAGE    83

..........................................................


THE SEDALIA MO CLIMATE NORMALS FOR TODAY
                         NORMAL
 MAXIMUM TEMPERATURE (F)   79
 MINIMUM TEMPERATURE (F)   59


SUNRISE AND SUNSET
MAY 26 2018...........SUNRISE   552 AM CDT   SUNSET   827 PM CDT
MAY 27 2018...........SUNRISE   552 AM CDT   SUNSET   828 PM CDT


-  INDICATES NEGATIVE NUMBERS.
R  INDICATES RECORD WAS SET OR TIED.
MM INDICATES DATA IS MISSING.
T  INDICATES TRACE AMOUNT.




$$
