000
CDUS42 KCAE 220550
CLIDNL


CLIMATE REPORT
NATIONAL WEATHER SERVICE COLUMBIA SC
150 AM EDT SUN APR 22 2018


...................................

...THE AUGUSTA DANIEL FIELD GA CLIMATE SUMMARY FOR APRIL 21 2018...

CLIMATE NORMAL PERIOD 1981 TO 2010
CLIMATE RECORD PERIOD 9999 TO 9999


WEATHER ITEM   OBSERVED TIME   NORMAL DEPARTURE LAST
                VALUE   (LST)  VALUE  FROM      YEAR
                                      NORMAL
......................................................
TEMPERATURE (F)
 YESTERDAY
  MAXIMUM         76    323 PM  77     -1       89
  MINIMUM         50    604 AM  54     -4       66
  AVERAGE         63            66     -3       78

PRECIPITATION (IN)
  YESTERDAY        0.00          0.08  -0.08     0.00
  MONTH TO DATE    1.21          2.39  -1.18     2.15
  SINCE MAR 1      4.21          6.70  -2.49     4.24
  SINCE JAN 1      8.66         14.94  -6.28    16.60

DEGREE DAYS
 HEATING
  YESTERDAY        2             2      0        0
  MONTH TO DATE   82            81      1       23
  SINCE MAR 1    346           331     15      228
  SINCE JUL 1   1769          2144   -375     1235

 COOLING
  YESTERDAY        0             3     -3       13
  MONTH TO DATE   38            42     -4      125
  SINCE MAR 1     60            64     -4      196
  SINCE JAN 1    129            68     61      230
......................................................


WIND (MPH)
  HIGHEST WIND SPEED    15   HIGHEST WIND DIRECTION     E (110)
  HIGHEST GUST SPEED    21   HIGHEST GUST DIRECTION     E (100)
  AVERAGE WIND SPEED     7.0


SKY COVER
  AVERAGE SKY COVER 0.3


WEATHER CONDITIONS
 THE FOLLOWING WEATHER WAS RECORDED YESTERDAY.
  NO SIGNIFICANT WEATHER WAS OBSERVED.


RELATIVE HUMIDITY (PERCENT)
 HIGHEST    71           600 AM
 LOWEST     19           200 PM

..........................................................


THE AUGUSTA DANIEL FIELD GA CLIMATE NORMALS FOR TODAY
                         NORMAL    RECORD    YEAR
 MAXIMUM TEMPERATURE (F)   77        MM        MM
 MINIMUM TEMPERATURE (F)   55        MM        MM


SUNRISE AND SUNSET
APRIL 22 2018.........SUNRISE   650 AM EDT   SUNSET   804 PM EDT
APRIL 23 2018.........SUNRISE   648 AM EDT   SUNSET   805 PM EDT


-  INDICATES NEGATIVE NUMBERS.
R  INDICATES RECORD WAS SET OR TIED.
MM INDICATES DATA IS MISSING.
T  INDICATES TRACE AMOUNT.




$$
