000
CDUS43 KDTX 270536
CLIDTW


CLIMATE REPORT
NATIONAL WEATHER SERVICE DETROIT/PONTIAC MI
135 AM EDT FRI APR 27 2018


...................................

...THE DETROIT MI CLIMATE SUMMARY FOR APRIL 26 2018...

CLIMATE NORMAL PERIOD 1981 TO 2010
CLIMATE RECORD PERIOD 1874 TO 2018


WEATHER ITEM   OBSERVED TIME   RECORD YEAR NORMAL DEPARTURE LAST
                VALUE   (LST)  VALUE       VALUE  FROM      YEAR
                                                  NORMAL
..................................................................
TEMPERATURE (F)
 YESTERDAY
  MAXIMUM         64    539 PM  86    2009  63      1       79
                                      1915
  MINIMUM         39    542 AM  27    1926  43     -4       54
  AVERAGE         52                        53     -1       67

PRECIPITATION (IN)
  YESTERDAY        0.00          1.10 1998   0.09  -0.09     0.00
  MONTH TO DATE    3.65                      2.50   1.15     2.91
  SINCE MAR 1      6.28                      4.78   1.50     7.17
  SINCE JAN 1     11.91                      8.76   3.15    11.90

SNOWFALL (IN)
  YESTERDAY        0.0           0.1  1932   0.1   -0.1      0.0
  MONTH TO DATE    2.4                       1.7    0.7      0.1
  SINCE MAR 1      8.3                       8.6   -0.3      7.0
  SINCE JUL 1     61.0                      42.5   18.5     37.9
  SNOW DEPTH       0

DEGREE DAYS
 HEATING
  YESTERDAY       13                        12      1        0
  MONTH TO DATE  594                       434    160      280
  SINCE MAR 1   1504                      1296    208     1145
  SINCE JUL 1   5940                      5849     91     4883

 COOLING
  YESTERDAY        0                         0      0        2
  MONTH TO DATE    0                         0      0        7
  SINCE MAR 1      0                         0      0        7
  SINCE JAN 1      0                         0      0        7
..................................................................


WIND (MPH)
  HIGHEST WIND SPEED    14   HIGHEST WIND DIRECTION     S (160)
  HIGHEST GUST SPEED    16   HIGHEST GUST DIRECTION     W (260)
  AVERAGE WIND SPEED     4.7


SKY COVER
  POSSIBLE SUNSHINE  MM
  AVERAGE SKY COVER 0.3


WEATHER CONDITIONS
 THE FOLLOWING WEATHER WAS RECORDED YESTERDAY.
  FOG
  HAZE


RELATIVE HUMIDITY (PERCENT)
 HIGHEST    85           200 AM
 LOWEST     34           300 PM
 AVERAGE    60

..........................................................


THE DETROIT MI CLIMATE NORMALS FOR TODAY
                         NORMAL    RECORD    YEAR
 MAXIMUM TEMPERATURE (F)   64        84      2009
                                             1990
                                             1962
 MINIMUM TEMPERATURE (F)   43        28      1996
                                             1874


SUNRISE AND SUNSET
APRIL 27 2018.........SUNRISE   634 AM EDT   SUNSET   828 PM EDT
APRIL 28 2018.........SUNRISE   633 AM EDT   SUNSET   829 PM EDT


-  INDICATES NEGATIVE NUMBERS.
R  INDICATES RECORD WAS SET OR TIED.
MM INDICATES DATA IS MISSING.
T  INDICATES TRACE AMOUNT.




$$
