000
CDUS42 KAKQ 250545
CLIECG


CLIMATE REPORT
NATIONAL WEATHER SERVICE WAKEFIELD, VA
145 AM EDT FRI MAY 25 2018


...................................

...THE ELIZABETH CITY NC CLIMATE SUMMARY FOR MAY 24 2018...

CLIMATE NORMAL PERIOD 1981 TO 2010
CLIMATE RECORD PERIOD 1934 TO 2018


WEATHER ITEM   OBSERVED TIME   RECORD YEAR NORMAL DEPARTURE LAST
                VALUE   (LST)  VALUE       VALUE  FROM      YEAR
                                                  NORMAL
..................................................................
TEMPERATURE (F)
 YESTERDAY
  MAXIMUM         83    124 PM  95    2011  79      4       73
  MINIMUM         64   1157 PM  46    2006  59      5       63
  AVERAGE         74                        69      5       68

PRECIPITATION (IN)
  YESTERDAY        0.00          2.67 1977   0.13  -0.13     0.13
  MONTH TO DATE    5.26                      2.67   2.59     4.84
  SINCE MAR 1     13.79                      9.79   4.00    11.15
  SINCE JAN 1     20.43                     16.23   4.20    15.76

SNOWFALL (IN)
  YESTERDAY        0.0           0.0  2002  MM     MM
  MONTH TO DATE    0.0                      MM     MM
  SINCE NOV 1      6.8                      MM     MM
  SINCE JUL 1      6.8                      MM     MM
  SNOW DEPTH       0

DEGREE DAYS
 HEATING
  YESTERDAY        0                         1     -1        0
  MONTH TO DATE    8                        62    -54       34
  SINCE MAR 1    812                       751     61      592
  SINCE JUL 1   3103                      3223   -120     2687

 COOLING
  YESTERDAY        9                         5      4        3
  MONTH TO DATE  204                        79    125       94
  SINCE MAR 1    226                       119    107      225
  SINCE JAN 1    255                       121    134      228
..................................................................


WIND (MPH)
  HIGHEST WIND SPEED    13   HIGHEST WIND DIRECTION    NE (50)
  HIGHEST GUST SPEED    16   HIGHEST GUST DIRECTION    NE (40)
  AVERAGE WIND SPEED     5.5


SKY COVER
  POSSIBLE SUNSHINE  MM
  AVERAGE SKY COVER 0.0


WEATHER CONDITIONS
 THE FOLLOWING WEATHER WAS RECORDED YESTERDAY.
  FOG


RELATIVE HUMIDITY (PERCENT)
 HIGHEST   100          1200 AM
 LOWEST     45           500 PM
 AVERAGE    73

..........................................................


THE ELIZABETH CITY NC CLIMATE NORMALS FOR TODAY
                         NORMAL    RECORD    YEAR
 MAXIMUM TEMPERATURE (F)   79        94      1936
 MINIMUM TEMPERATURE (F)   60        43      2013


SUNRISE AND SUNSET
MAY 25 2018...........SUNRISE   552 AM EDT   SUNSET   812 PM EDT
MAY 26 2018...........SUNRISE   551 AM EDT   SUNSET   813 PM EDT


-  INDICATES NEGATIVE NUMBERS.
R  INDICATES RECORD WAS SET OR TIED.
MM INDICATES DATA IS MISSING.
T  INDICATES TRACE AMOUNT.




$$
