000
CDUS41 KRLX 242124
CLIEKN


CLIMATE REPORT
NATIONAL WEATHER SERVICE CHARLESTON WV
523 PM EDT TUE APR 24 2018


...................................

...THE ELKINS WV CLIMATE SUMMARY FOR APRIL 24 2018...
VALID TODAY AS OF 0500 PM LOCAL TIME.

CLIMATE NORMAL PERIOD 1981 TO 2010
CLIMATE RECORD PERIOD 1899 TO 2018


WEATHER ITEM   OBSERVED TIME   RECORD YEAR NORMAL DEPARTURE LAST
                VALUE   (LST)  VALUE       VALUE  FROM      YEAR
                                                  NORMAL
..................................................................
TEMPERATURE (F)
 TODAY
  MAXIMUM         57    359 PM  90    1925  66     -9       57
  MINIMUM         47    632 AM  18    1986  39      8       47
  AVERAGE         52                        52      0       52

PRECIPITATION (IN)
  TODAY            0.25          0.90 1983   0.13   0.12     0.24
  MONTH TO DATE    4.75                      3.02   1.73     4.56
  SINCE MAR 1      9.21                      6.98   2.23     8.70
  SINCE JAN 1     20.02                     13.31   6.71    15.95

DEGREE DAYS
 HEATING
  TODAY           13                        13      0       13
  MONTH TO DATE  456                       391     65      260
  SINCE MAR 1   1384                      1171    213      977
  SINCE JUL 1   5336                      5492   -156     4380

 COOLING
  TODAY            0                         0      0        0
  MONTH TO DATE    1                         0      1        0
  SINCE MAR 1      1                         0      1        0
  SINCE JAN 1      1                         0      1        0
..................................................................


WIND (MPH)
  HIGHEST WIND SPEED    23   HIGHEST WIND DIRECTION    SE (150)
  HIGHEST GUST SPEED    35   HIGHEST GUST DIRECTION    SE (130)
  AVERAGE WIND SPEED     9.7


SKY COVER
  POSSIBLE SUNSHINE  MM
  AVERAGE SKY COVER 0.9


WEATHER CONDITIONS
 THE FOLLOWING WEATHER WAS RECORDED TODAY.
  RAIN
  LIGHT RAIN


RELATIVE HUMIDITY (PERCENT)
 HIGHEST    77           800 AM
 LOWEST     62           300 PM
 AVERAGE    70

..........................................................


THE ELKINS WV CLIMATE NORMALS FOR TOMORROW
                         NORMAL    RECORD    YEAR
 MAXIMUM TEMPERATURE (F)   66        88      1925
                                             1915
 MINIMUM TEMPERATURE (F)   39        22      1927


SUNRISE AND SUNSET
APRIL 24 2018.........SUNRISE   630 AM EDT   SUNSET   805 PM EDT
APRIL 25 2018.........SUNRISE   629 AM EDT   SUNSET   806 PM EDT


-  INDICATES NEGATIVE NUMBERS.
R  INDICATES RECORD WAS SET OR TIED.
MM INDICATES DATA IS MISSING.
T  INDICATES TRACE AMOUNT.




$$
