000
CDUS45 KLKN 240931
CLIEKO


CLIMATE REPORT
NATIONAL WEATHER SERVICE ELKO NV
231 AM PDT TUE APR 24 2018


...................................

...THE ELKO AIRPORT NV CLIMATE SUMMARY FOR APRIL 23 2018...

CLIMATE NORMAL PERIOD 1981 TO 2010
CLIMATE RECORD PERIOD 1888 TO 2018


WEATHER ITEM   OBSERVED TIME   RECORD YEAR NORMAL DEPARTURE LAST
                VALUE   (LST)  VALUE       VALUE  FROM      YEAR
                                                  NORMAL
..................................................................
TEMPERATURE (F)
 YESTERDAY
  MAXIMUM         64    431 PM  86    2012  62      2       65
  MINIMUM         32    505 AM  15    1968  32      0       40
                                      1961
  AVERAGE         48                        47      1       53

PRECIPITATION (IN)
  YESTERDAY        0.00          0.75 1900   0.04  -0.04     0.00
  MONTH TO DATE    0.93                      0.74   0.19     0.99
  SINCE OCT 1      5.60                      6.76  -1.16    11.96
  SINCE JAN 1      3.90                      3.70   0.20     6.33

SNOWFALL (IN)
  YESTERDAY        0.0           1.1  1964   0.1   -0.1      0.0
  MONTH TO DATE    0.5                       2.8   -2.3       T
  SINCE MAR 1     14.3                       7.9    6.4      1.9
  SINCE JUL 1     28.2                      40.4  -12.2     53.3
  SNOW DEPTH       0

DEGREE DAYS
 HEATING
  YESTERDAY       17                        18     -1       12
  MONTH TO DATE  436                       475    -39      440
  SINCE MAR 1   1304                      1284     20     1075
  SINCE JUL 1   5946                      6452   -506     5811

 COOLING
  YESTERDAY        0                         0      0        0
  MONTH TO DATE    0                         0      0        0
  SINCE MAR 1      0                         0      0        0
  SINCE JAN 1      0                         0      0        0
..................................................................


WIND (MPH)
  HIGHEST WIND SPEED    18   HIGHEST WIND DIRECTION     W (260)
  HIGHEST GUST SPEED    24   HIGHEST GUST DIRECTION    SW (240)
  AVERAGE WIND SPEED     6.9



WEATHER CONDITIONS
 THE FOLLOWING WEATHER WAS RECORDED YESTERDAY.
  NO SIGNIFICANT WEATHER WAS OBSERVED.


RELATIVE HUMIDITY (PERCENT)
 HIGHEST    76           300 AM
 LOWEST     16           400 PM
 AVERAGE    46

..........................................................


THE ELKO AIRPORT NV CLIMATE NORMALS FOR TODAY
                         NORMAL    RECORD    YEAR
 MAXIMUM TEMPERATURE (F)   62        84      1977
 MINIMUM TEMPERATURE (F)   33        15      1950


SUNRISE AND SUNSET
APRIL 24 2018.........SUNRISE   551 AM PDT   SUNSET   732 PM PDT
APRIL 25 2018.........SUNRISE   549 AM PDT   SUNSET   733 PM PDT


-  INDICATES NEGATIVE NUMBERS.
R  INDICATES RECORD WAS SET OR TIED.
MM INDICATES DATA IS MISSING.
T  INDICATES TRACE AMOUNT.




$$
