226
CDUS45 KLKN 210927
CLIELY


CLIMATE REPORT
NATIONAL WEATHER SERVICE ELKO NV
227 AM PDT SAT APR 21 2018


...................................

...THE ELY AIRPORT NV CLIMATE SUMMARY FOR APRIL 20 2018...

CLIMATE NORMAL PERIOD 1981 TO 2010
CLIMATE RECORD PERIOD 1893 TO 2018


WEATHER ITEM   OBSERVED TIME   RECORD YEAR NORMAL DEPARTURE LAST
                VALUE   (LST)  VALUE       VALUE  FROM      YEAR
                                                  NORMAL
..................................................................
TEMPERATURE (F)
 YESTERDAY
  MAXIMUM         63    247 PM  81    1994  59      4       56
  MINIMUM         26   1154 PM   6    1966  28     -2       30
  AVERAGE         45                        43      2       43

PRECIPITATION (IN)
  YESTERDAY        0.00          0.75 1898   0.03  -0.03     0.01
  MONTH TO DATE    0.24                      0.62  -0.38     0.89
  SINCE OCT 1      3.59                      5.29  -1.70     7.53
  SINCE JAN 1      3.01                      3.00   0.01     5.75

SNOWFALL (IN)
  YESTERDAY        0.0           4.0  1995   0.1   -0.1       T
                                      1904
  MONTH TO DATE    0.2                       3.8   -3.6      1.4
  SINCE MAR 1     17.3                      12.1    5.2     17.2
  SINCE JUL 1     43.8                      47.0   -3.2     66.8
  SNOW DEPTH       0

DEGREE DAYS
 HEATING
  YESTERDAY       20                        22     -2       22
  MONTH TO DATE  423                       477    -54      439
  SINCE MAR 1   1357                      1367    -10     1179
  SINCE JUL 1   6154                      6704   -550     6140

 COOLING
  YESTERDAY        0                         0      0        0
  MONTH TO DATE    0                         0      0        0
  SINCE MAR 1      0                         0      0        0
  SINCE JAN 1      0                         0      0        0
..................................................................


WIND (MPH)
  HIGHEST WIND SPEED    38   HIGHEST WIND DIRECTION     N (10)
  HIGHEST GUST SPEED    46   HIGHEST GUST DIRECTION    NE (30)
  AVERAGE WIND SPEED    15.1



WEATHER CONDITIONS
 THE FOLLOWING WEATHER WAS RECORDED YESTERDAY.
  NO SIGNIFICANT WEATHER WAS OBSERVED.


RELATIVE HUMIDITY (PERCENT)
 HIGHEST    54           300 AM
 LOWEST     17           100 PM
 AVERAGE    36

..........................................................


THE ELY AIRPORT NV CLIMATE NORMALS FOR TODAY
                         NORMAL    RECORD    YEAR
 MAXIMUM TEMPERATURE (F)   59        79      2012
                                             1994
 MINIMUM TEMPERATURE (F)   28         0      1963


SUNRISE AND SUNSET
APRIL 21 2018.........SUNRISE   554 AM PDT   SUNSET   723 PM PDT
APRIL 22 2018.........SUNRISE   552 AM PDT   SUNSET   724 PM PDT


-  INDICATES NEGATIVE NUMBERS.
R  INDICATES RECORD WAS SET OR TIED.
MM INDICATES DATA IS MISSING.
T  INDICATES TRACE AMOUNT.




$$
