983
CDUS43 KTOP 262131
CLIEMP


CLIMATE REPORT
NATIONAL WEATHER SERVICE TOPEKA KS
430 PM CDT THU APR 26 2018


...................................

...THE EMPORIA KS CLIMATE SUMMARY FOR APRIL 26 2018...
VALID TODAY AS OF 0400 PM LOCAL TIME.

CLIMATE NORMAL PERIOD 1981 TO 2010
CLIMATE RECORD PERIOD 9999 TO 9999


WEATHER ITEM   OBSERVED NORMAL DEPARTURE LAST
                VALUE   VALUE  FROM      YEAR
                               NORMAL
...............................................
TEMPERATURE (F)
 TODAY
  MAXIMUM         68     71     -3       51
  MINIMUM         38     48    -10       40
  AVERAGE         53     59     -6       46

PRECIPITATION (IN)
  TODAY            0.00   0.15  -0.15      T
  MONTH TO DATE    1.57   2.72  -1.15     4.28
  SINCE MAR 1      3.76   5.25  -1.49     8.47
  SINCE JAN 1      5.09   7.11  -2.02    10.21

DEGREE DAYS
 HEATING
  TODAY           12      7      5       19
  MONTH TO DATE  475    274    201      193
  SINCE MAR 1   1066    884    182      669
  SINCE JUL 1   4794   4706     88     3760

 COOLING
  TODAY            0      1     -1        0
  MONTH TO DATE    4     20    -16       30
  SINCE MAR 1      4     22    -18       42
  SINCE JAN 1      4     22    -18       42
...............................................


WIND (MPH)
  HIGHEST WIND SPEED    12   HIGHEST WIND DIRECTION    NW (330)
  HIGHEST GUST SPEED    19   HIGHEST GUST DIRECTION    NW (300)
  AVERAGE WIND SPEED     4.1



WEATHER CONDITIONS
 THE FOLLOWING WEATHER WAS RECORDED TODAY.
  FOG


RELATIVE HUMIDITY (PERCENT)
 HIGHEST   100
 LOWEST     45
 AVERAGE    73

..........................................................


THE EMPORIA KS CLIMATE NORMALS FOR TOMORROW
                         NORMAL
 MAXIMUM TEMPERATURE (F)   71
 MINIMUM TEMPERATURE (F)   48


SUNRISE AND SUNSET
APRIL 26 2018.........SUNRISE   634 AM CDT   SUNSET   812 PM CDT
APRIL 27 2018.........SUNRISE   633 AM CDT   SUNSET   813 PM CDT


-  INDICATES NEGATIVE NUMBERS.
R  INDICATES RECORD WAS SET OR TIED.
MM INDICATES DATA IS MISSING.
T  INDICATES TRACE AMOUNT.




$$
