000
CDUS42 KMHX 212125
CLIEWN


CLIMATE REPORT
NATIONAL WEATHER SERVICE NEWPORT/MOREHEAD CITY NC
525 PM EDT SAT APR 21 2018


...................................

...THE NEW BERN NC CLIMATE SUMMARY FOR APRIL 21 2018...
VALID TODAY AS OF 0500 PM LOCAL TIME.

CLIMATE NORMAL PERIOD 1981 TO 2010
CLIMATE RECORD PERIOD 1948 TO 2018


WEATHER ITEM   OBSERVED TIME   RECORD YEAR NORMAL DEPARTURE LAST
                VALUE   (LST)  VALUE       VALUE  FROM      YEAR
                                                  NORMAL
..................................................................
TEMPERATURE (F)
 TODAY
  MAXIMUM         66    356 PM  92    1970  75     -9       89
  MINIMUM         39    558 AM  32    1983  52    -13       65
  AVERAGE         53                        63    -10       77

PRECIPITATION (IN)
  TODAY            0.00          0.32 1986   0.11  -0.11     0.00
  MONTH TO DATE    2.49                      2.19   0.30     2.07
  SINCE MAR 1      6.72                      6.58   0.14     6.10
  SINCE JAN 1     13.13                     14.26  -1.13    12.32

SNOWFALL (IN)
  TODAY            0.0
  MONTH TO DATE    0.0
  SINCE NOV 1      6.0
  SINCE JUL 1      6.0
  SNOW DEPTH       0

DEGREE DAYS
 HEATING
  TODAY           12                         4      8        0
  MONTH TO DATE  175                       123     52       48
  SINCE MAR 1    698                       492    206      459
  SINCE JUL 1   2867                      2638    229     2199

 COOLING
  TODAY            0                         2     -2       12
  MONTH TO DATE    8                        32    -24       65
  SINCE MAR 1     14                        43    -29       76
  SINCE JAN 1     56                        46     10       82
..................................................................


WIND (MPH)
  HIGHEST WIND SPEED    12   HIGHEST WIND DIRECTION     E (100)
  HIGHEST GUST SPEED    15   HIGHEST GUST DIRECTION     E (110)
  AVERAGE WIND SPEED     3.0


SKY COVER
  POSSIBLE SUNSHINE  MM
  AVERAGE SKY COVER 0.0


WEATHER CONDITIONS
 THE FOLLOWING WEATHER WAS RECORDED TODAY.
  FOG
  FOG W/VISIBILITY <= 1/4 MILE


RELATIVE HUMIDITY (PERCENT)
 HIGHEST   100           300 AM
 LOWEST     34           100 PM
 AVERAGE    67

..........................................................


THE NEW BERN NC CLIMATE NORMALS FOR TOMORROW
                         NORMAL    RECORD    YEAR
 MAXIMUM TEMPERATURE (F)   75        92      1985
 MINIMUM TEMPERATURE (F)   52        36      1983


SUNRISE AND SUNSET
APRIL 21 2018.........SUNRISE   629 AM EDT   SUNSET   746 PM EDT
APRIL 22 2018.........SUNRISE   627 AM EDT   SUNSET   746 PM EDT


-  INDICATES NEGATIVE NUMBERS.
R  INDICATES RECORD WAS SET OR TIED.
MM INDICATES DATA IS MISSING.
T  INDICATES TRACE AMOUNT.




$$
