000
CDUS43 KFGF 272159
CLIFAR


CLIMATE REPORT
NATIONAL WEATHER SERVICE EASTERN NORTH DAKOTA/GRAND FORKS
452 PM CDT SUN MAY 27 2018


...................................

...THE FARGO HECTOR INTL AP ND CLIMATE SUMMARY FOR MAY 27 2018...
VALID TODAY AS OF 0400 PM LOCAL TIME.

CLIMATE NORMAL PERIOD 1981 TO 2010
CLIMATE RECORD PERIOD 1881 TO 2018


WEATHER ITEM   OBSERVED TIME   RECORD YEAR NORMAL DEPARTURE LAST
                VALUE   (LST)  VALUE       VALUE  FROM      YEAR
                                                  NORMAL
..................................................................
TEMPERATURE (F)
 TODAY
  MAXIMUM         80    147 PM  95    1969  72      8       79
                                      1913
  MINIMUM         61    258 AM  29    1907  49     12       48
  AVERAGE         71                        61     10       64

PRECIPITATION (IN)
  TODAY            0.18          1.16 1963   0.10   0.08      T
  MONTH TO DATE    1.66                      2.40  -0.74     1.01
  SINCE MAR 1      3.96                      5.06  -1.10     2.74
  SINCE JAN 1      5.00                      6.37  -1.37     4.51

SNOWFALL (IN)
  TODAY            0.0           T    1965   0.0    0.0      0.0
  MONTH TO DATE    0.0                       0.0    0.0      0.0
  SINCE MAR 1     22.8                      12.4   10.4      3.8
  SINCE JUL 1     50.0                      50.4   -0.4     33.1
  SNOW DEPTH       0

DEGREE DAYS
 HEATING
  TODAY            0                         6     -6        1
  MONTH TO DATE  145                       251   -106      227
  SINCE MAR 1   2250                      2029    221     1895
  SINCE JUL 1   8897                      8707    190     7393

 COOLING
  TODAY            6                         1      5        0
  MONTH TO DATE   73                        23     50       11
  SINCE MAR 1     73                        26     47       11
  SINCE JAN 1     73                        26     47       11
..................................................................


WIND (MPH)
  HIGHEST WIND SPEED    33   HIGHEST WIND DIRECTION    NW (320)
  HIGHEST GUST SPEED    44   HIGHEST GUST DIRECTION    NW (330)
  AVERAGE WIND SPEED     9.5


SKY COVER
  POSSIBLE SUNSHINE  MM
  AVERAGE SKY COVER 0.2


WEATHER CONDITIONS
 THE FOLLOWING WEATHER WAS RECORDED TODAY.
  THUNDERSTORM
  HEAVY RAIN
  RAIN
  LIGHT RAIN
  FOG


RELATIVE HUMIDITY (PERCENT)
 HIGHEST    93           800 AM
 LOWEST     52          1200 AM
 AVERAGE    73

..........................................................


THE FARGO HECTOR INTL AP ND CLIMATE NORMALS FOR TOMORROW
                         NORMAL    RECORD    YEAR
 MAXIMUM TEMPERATURE (F)   73        97      2006
                                             1934
 MINIMUM TEMPERATURE (F)   49        26      1947


SUNRISE AND SUNSET
MAY 27 2018...........SUNRISE   540 AM CDT   SUNSET   909 PM CDT
MAY 28 2018...........SUNRISE   539 AM CDT   SUNSET   910 PM CDT


-  INDICATES NEGATIVE NUMBERS.
R  INDICATES RECORD WAS SET OR TIED.
MM INDICATES DATA IS MISSING.
T  INDICATES TRACE AMOUNT.




$$
