928
CDUS42 KILM 200841
CLIFLO


CLIMATE REPORT
NATIONAL WEATHER SERVICE WILMINGTON NC
441 AM EDT FRI APR 20 2018


...................................

...THE FLORENCE SOUTH  CAROLINA CLIMATE SUMMARY FOR APRIL 19 2018...

CLIMATE NORMAL PERIOD 1981 TO 2010
CLIMATE RECORD PERIOD 1948 TO 2018


WEATHER ITEM   OBSERVED TIME   RECORD YEAR NORMAL DEPARTURE LAST
                VALUE   (LST)  VALUE       VALUE  FROM      YEAR
                                                  NORMAL
..................................................................
TEMPERATURE (F)
 YESTERDAY
  MAXIMUM         83    357 PM  92    1995  77      6       80
  MINIMUM         51   1150 PM  32    1983  52     -1       61
  AVERAGE         67                        64      3       71

PRECIPITATION (IN)
  YESTERDAY        0.00          1.14 2014   0.08  -0.08     0.00
  MONTH TO DATE    3.48                      1.63   1.85     2.81
  SINCE MAR 1      6.38                      4.96   1.42     4.41
  SINCE JAN 1      9.42                     11.11  -1.69     9.28

SNOWFALL (IN)
  YESTERDAY       MM            MM      MM   0.0
  MONTH TO DATE   MM                         0.0
  SINCE MAR 1     MM                         0.1
  SINCE JUL 1     MM                         1.5
  SNOW DEPTH      MM

DEGREE DAYS
 HEATING
  YESTERDAY        0                         3     -3        0
  MONTH TO DATE  111                        95     16       40
  SINCE MAR 1    494                       405     89      371
  SINCE JUL 1   2388                      2471    -83     1816

 COOLING
  YESTERDAY        2                         2      0        6
  MONTH TO DATE   35                        35      0       51
  SINCE MAR 1     42                        53    -11       91
  SINCE JAN 1     94                        59     35      104
..................................................................


WIND (MPH)
  RESULTANT WIND SPEED  11   RESULTANT WIND DIRECTION   W (280)
  HIGHEST WIND SPEED    30   HIGHEST WIND DIRECTION     W (280)
  HIGHEST GUST SPEED    38   HIGHEST GUST DIRECTION     W (250)
  AVERAGE WIND SPEED    16.5


SKY COVER
  POSSIBLE SUNSHINE  MM
  AVERAGE SKY COVER 0.0


WEATHER CONDITIONS
 THE FOLLOWING WEATHER WAS RECORDED YESTERDAY.
  NO SIGNIFICANT WEATHER WAS OBSERVED.


RELATIVE HUMIDITY (PERCENT)
 HIGHEST    63           600 AM
 LOWEST     20           400 PM
 AVERAGE    42

..........................................................


THE FLORENCE SOUTH  CAROLINA CLIMATE NORMALS FOR TODAY
                         NORMAL    RECORD    YEAR
 MAXIMUM TEMPERATURE (F)   77        93      2002
 MINIMUM TEMPERATURE (F)   52        27      1983


SUNRISE AND SUNSET
APRIL 20 2018.........SUNRISE   642 AM EDT   SUNSET   754 PM EDT
APRIL 21 2018.........SUNRISE   640 AM EDT   SUNSET   755 PM EDT


-  INDICATES NEGATIVE NUMBERS.
R  INDICATES RECORD WAS SET OR TIED.
MM INDICATES DATA IS MISSING.
T  INDICATES TRACE AMOUNT.




$$
