490
CDUS43 KIWX 260535
CLIFWA


CLIMATE REPORT
NATIONAL WEATHER SERVICE NORTHERN INDIANA
135 AM EDT THU APR 26 2018


...................................

...THE FORT WAYNE CLIMATE SUMMARY FOR APRIL 25 2018...

CLIMATE NORMAL PERIOD 1981 TO 2010
CLIMATE RECORD PERIOD 1897 TO 2018


WEATHER ITEM   OBSERVED TIME   RECORD YEAR NORMAL DEPARTURE LAST
                VALUE   (LST)  VALUE       VALUE  FROM      YEAR
                                                  NORMAL
..................................................................
TEMPERATURE (F)
 YESTERDAY
  MAXIMUM         65    353 PM  86    1994  65      0       76
                                      1990
                                      1915
  MINIMUM         41   1159 PM  24    1967  42     -1       51
  AVERAGE         53                        54     -1       64

PRECIPITATION (IN)
  YESTERDAY        T             1.87 1904   0.11  -0.11     0.00
  MONTH TO DATE    2.16                      2.98  -0.82     2.47
  SINCE MAR 1      5.00                      5.69  -0.69     6.28
  SINCE JAN 1     10.62                      9.99   0.63    12.75

SNOWFALL (IN)
  YESTERDAY        0.0           T    1976   0.0    0.0      0.0
                                      1968
                                      1926
  MONTH TO DATE    2.4                       1.0    1.4      0.4
  SINCE MAR 1      4.5                       5.1   -0.6      3.4
  SINCE JUL 1     32.7                      33.5   -0.8     18.5
  SNOW DEPTH       0

DEGREE DAYS
 HEATING
  YESTERDAY       12                        12      0        1
  MONTH TO DATE  550                       404    146      264
  SINCE MAR 1   1432                      1230    202     1048
  SINCE JUL 1   5760                      5828    -68     4742

 COOLING
  YESTERDAY        0                         0      0        0
  MONTH TO DATE    1                         0      1       13
  SINCE MAR 1      1                         0      1       13
  SINCE JAN 1      1                         0      1       13
..................................................................


WIND (MPH)
  HIGHEST WIND SPEED    20   HIGHEST WIND DIRECTION     W (270)
  HIGHEST GUST SPEED    25   HIGHEST GUST DIRECTION     W (280)
  AVERAGE WIND SPEED    10.3


SKY COVER
  AVERAGE SKY COVER 0.6


WEATHER CONDITIONS
 THE FOLLOWING WEATHER WAS RECORDED YESTERDAY.
  FOG


RELATIVE HUMIDITY (PERCENT)
 HIGHEST   100          1200 AM
 LOWEST     36           500 PM
 AVERAGE    68

..........................................................


THE FORT WAYNE CLIMATE NORMALS FOR TODAY
                         NORMAL    RECORD    YEAR
 MAXIMUM TEMPERATURE (F)   65        88      1986
 MINIMUM TEMPERATURE (F)   43        29      2006


SUNRISE AND SUNSET
APRIL 26 2018.........SUNRISE   646 AM EDT   SUNSET   832 PM EDT
APRIL 27 2018.........SUNRISE   644 AM EDT   SUNSET   833 PM EDT


-  INDICATES NEGATIVE NUMBERS.
R  INDICATES RECORD WAS SET OR TIED.
MM INDICATES DATA IS MISSING.
T  INDICATES TRACE AMOUNT.




$$
