000
CDUS46 KOTX 212341
CLIGEG


CLIMATE REPORT
NATIONAL WEATHER SERVICE SPOKANE, WA
440 PM PDT SAT APR 21 2018


...................................

...THE SPOKANE WA AIRPORT CLIMATE SUMMARY FOR APRIL 21 2018...
VALID AS OF 0400 PM LOCAL TIME.

CLIMATE NORMAL PERIOD 1981 TO 2010
CLIMATE RECORD PERIOD 1881 TO 2018


WEATHER ITEM   OBSERVED TIME   RECORD YEAR NORMAL DEPARTURE LAST
                VALUE   (LST)  VALUE       VALUE  FROM      YEAR
                                                  NORMAL
..................................................................
TEMPERATURE (F)
 TODAY
  MAXIMUM         58    132 PM  87    1906  59     -1       57
  MINIMUM         48    709 AM  21    1968  37     11       36
  AVERAGE         53                        48      5       47

PRECIPITATION (IN)
  TODAY            T             0.48 1904   0.04  -0.04     0.00
  MONTH TO DATE    1.96                      0.93   1.03     1.41
  SINCE OCT 1     14.57                     11.44   3.13    21.05
  SINCE JAN 1      7.41                      5.66   1.75    11.76

SNOWFALL (IN)
  TODAY            0.0           0.7  2008   0.0    0.0      0.0
  MONTH TO DATE    T                         0.9   -0.9      0.5
  SINCE MAR 1      4.9                       4.4    0.5      5.9
  SINCE JUL 1     49.3                      44.7    4.6     61.5
  SNOW DEPTH       0

DEGREE DAYS
 HEATING
  TODAY           12                        17     -5       18
  MONTH TO DATE  436                       398     38      407
  SINCE MAR 1   1219                      1165     54     1148
  SINCE JUL 1   5866                      5994   -128     6141

 COOLING
  TODAY            0                         0      0        0
  MONTH TO DATE    0                         0      0        0
  SINCE MAR 1      0                         0      0        0
  SINCE JAN 1      0                         0      0        0
..................................................................


WIND (MPH)
  HIGHEST WIND SPEED    35   HIGHEST WIND DIRECTION    SW (240)
  HIGHEST GUST SPEED    42   HIGHEST GUST DIRECTION    SW (230)
  AVERAGE WIND SPEED    22.6


SKY COVER
  POSSIBLE SUNSHINE  MM
  AVERAGE SKY COVER 0.6


WEATHER CONDITIONS
 THE FOLLOWING WEATHER WAS RECORDED TODAY.
  LIGHT RAIN


RELATIVE HUMIDITY (PERCENT)
 HIGHEST    56           600 AM
 LOWEST     19           300 PM
 AVERAGE    38

..........................................................


THE SPOKANE WA AIRPORT CLIMATE NORMALS FOR TOMORROW
                         NORMAL    RECORD    YEAR
 MAXIMUM TEMPERATURE (F)   59        84      1934
 MINIMUM TEMPERATURE (F)   38        25      1972


SUNRISE AND SUNSET
APRIL 21 2018.........SUNRISE   550 AM PDT   SUNSET   748 PM PDT
APRIL 22 2018.........SUNRISE   548 AM PDT   SUNSET   750 PM PDT


-  INDICATES NEGATIVE NUMBERS.
R  INDICATES RECORD WAS SET OR TIED.
MM INDICATES DATA IS MISSING.
T  INDICATES TRACE AMOUNT.




$$
