000
CDUS45 KGJT 210741
CLIGJT


CLIMATE REPORT
NATIONAL WEATHER SERVICE GRAND JUNCTION CO
138 AM MDT MON MAY 21 2018


...................................

...THE GRAND JUNCTION CO CLIMATE SUMMARY FOR MAY 20 2018...

CLIMATE NORMAL PERIOD 1981 TO 2010
CLIMATE RECORD PERIOD 1893 TO 2018


WEATHER ITEM   OBSERVED TIME   RECORD YEAR NORMAL DEPARTURE LAST
                VALUE   (LST)  VALUE       VALUE  FROM      YEAR
                                                  NORMAL
..................................................................
TEMPERATURE (F)
 YESTERDAY
  MAXIMUM         79   1219 PM  94    2005  78      1       67
  MINIMUM         53    254 AM  34    1974  48      5       35
  AVERAGE         66                        63      3       51

PRECIPITATION (IN)
  YESTERDAY        0.01          0.78 1916   0.03  -0.02     0.00
  MONTH TO DATE    0.16                      0.61  -0.45     0.66
  SINCE MAR 1      1.44                      2.44  -1.00     1.28
  SINCE JAN 1      2.92                      3.56  -0.64     2.83

SNOWFALL (IN)
  YESTERDAY        0.0           T    2013   0.0    0.0      0.0
  MONTH TO DATE    0.0                       0.1   -0.1       T
  SINCE MAR 1      0.2                       3.6   -3.4       T
  SINCE JUL 1      9.0                      19.1  -10.1     13.9
  SNOW DEPTH       0

DEGREE DAYS
 HEATING
  YESTERDAY        0                         4     -4       14
  MONTH TO DATE   61                       124    -63      138
  SINCE MAR 1    984                      1179   -195      951
  SINCE JUL 1   4954                      5558   -604     4598

 COOLING
  YESTERDAY        1                         2     -1        0
  MONTH TO DATE   35                        20     15       17
  SINCE MAR 1     37                        23     14       18
  SINCE JAN 1     37                        23     14       18
..................................................................


WIND (MPH)
  HIGHEST WIND SPEED    33   HIGHEST WIND DIRECTION    SW (210)
  HIGHEST GUST SPEED    42   HIGHEST GUST DIRECTION     S (200)
  AVERAGE WIND SPEED     9.9


SKY COVER
  POSSIBLE SUNSHINE  MM
  AVERAGE SKY COVER 0.1


WEATHER CONDITIONS
 THE FOLLOWING WEATHER WAS RECORDED YESTERDAY.
  THUNDERSTORM
  LIGHT RAIN


RELATIVE HUMIDITY (PERCENT)
 HIGHEST    54           600 AM
 LOWEST     24           100 PM
 AVERAGE    39

..........................................................


THE GRAND JUNCTION CO CLIMATE NORMALS FOR TODAY
                         NORMAL    RECORD    YEAR
 MAXIMUM TEMPERATURE (F)   78        92      2005
 MINIMUM TEMPERATURE (F)   48        33      1974


SUNRISE AND SUNSET
MAY 21 2018...........SUNRISE   556 AM MDT   SUNSET   826 PM MDT
MAY 22 2018...........SUNRISE   555 AM MDT   SUNSET   827 PM MDT


-  INDICATES NEGATIVE NUMBERS.
R  INDICATES RECORD WAS SET OR TIED.
MM INDICATES DATA IS MISSING.
T  INDICATES TRACE AMOUNT.




$$
