030
CDUS43 KGLD 210759
CLIGLD

CLIMATE REPORT
NATIONAL WEATHER SERVICE GOODLAND
157 AM MDT SAT APR 21 2018

...................................

...THE GOODLAND KS CLIMATE SUMMARY FOR APRIL 20 2018...

CLIMATE NORMAL PERIOD 1981 TO 2010
CLIMATE RECORD PERIOD 1895 TO 2018

WEATHER ITEM   OBSERVED TIME   RECORD YEAR NORMAL DEPARTURE LAST
                VALUE   (LST)  VALUE       VALUE  FROM      YEAR
                                                  NORMAL
..................................................................
TEMPERATURE (F)
 YESTERDAY
  MAXIMUM         46    946 AM  89    1962  65    -19       68
  MINIMUM         39    841 PM  20    1953  36      3       39
  AVERAGE         43                        50     -7       54

PRECIPITATION (IN)
  YESTERDAY        0.20          1.40 1929   0.06   0.14     0.17
  MONTH TO DATE    0.64                      0.96  -0.32     0.58
  SINCE MAR 1      1.05                      2.03  -0.98     2.26
  SINCE JAN 1      2.34                      2.90  -0.56     3.19

SNOWFALL (IN)
  YESTERDAY        0.0                       0.1   -0.1     MM
  MONTH TO DATE    3.8                       3.4    0.4      0.0
  SINCE MAR 1      4.7                      10.2   -5.5       T
  SINCE JUL 1     25.2                      34.2   -9.0      9.4
  SNOW DEPTH       0

DEGREE DAYS
 HEATING
  YESTERDAY       22                        15      7       11
  MONTH TO DATE  429                       351     78      224
  SINCE MAR 1   1124                      1109     15      819
  SINCE JUL 1   5369                      5526   -157     4704

 COOLING
  YESTERDAY        0                         0      0        0
  MONTH TO DATE    0                         0      0        7
  SINCE MAR 1      0                         0      0        7
  SINCE JAN 1      0                         0      0        7
..................................................................

WIND (MPH)
  HIGHEST WIND SPEED    30   HIGHEST WIND DIRECTION    SE (150)
  HIGHEST GUST SPEED    41   HIGHEST GUST DIRECTION    SE (150)
  AVERAGE WIND SPEED    19.1


SKY COVER
  AVERAGE SKY COVER 0.8


WEATHER CONDITIONS
 THE FOLLOWING WEATHER WAS RECORDED YESTERDAY.
  LIGHT RAIN
  FOG


RELATIVE HUMIDITY (PERCENT)
 HIGHEST   100
 LOWEST     53
 AVERAGE    77

..........................................................


THE GOODLAND KS CLIMATE NORMALS FOR TODAY
                         NORMAL    RECORD    YEAR
 MAXIMUM TEMPERATURE (F)   65        93      1989
 MINIMUM TEMPERATURE (F)   36        20      1931
                                             1907


SUNRISE AND SUNSET
APRIL 21 2018.........SUNRISE   601 AM MDT   SUNSET   730 PM MDT
APRIL 22 2018.........SUNRISE   600 AM MDT   SUNSET   731 PM MDT


-  INDICATES NEGATIVE NUMBERS.
R  INDICATES RECORD WAS SET OR TIED.
MM INDICATES DATA IS MISSING.
T  INDICATES TRACE AMOUNT.

&&

THE AVERAGE SOIL TEMPERATURE AT THE FOUR INCH DEPTH... 47

$$
