000
CDUS44 KJAN 252138
CLIGLH


CLIMATE REPORT
NATIONAL WEATHER SERVICE JACKSON MS
425 PM CDT WED APR 25 2018


...................................

...THE GREENVILLE CLIMATE SUMMARY FOR APRIL 25 2018...
VALID TODAY AS OF 0400 PM LOCAL TIME.

CLIMATE NORMAL PERIOD 1981 TO 2010
CLIMATE RECORD PERIOD 1903 TO 2018


WEATHER ITEM   OBSERVED TIME   RECORD YEAR NORMAL DEPARTURE LAST
                VALUE   (LST)  VALUE       VALUE  FROM      YEAR
                                                  NORMAL
..................................................................
TEMPERATURE (F)
 TODAY
  MAXIMUM         77    255 PM  91    1965  77      0       81
  MINIMUM         51    432 AM  34    1910  56     -5       50
  AVERAGE         64                        66     -2       66

PRECIPITATION (IN)
  TODAY            0.00          4.50 1958   0.15  -0.15     0.00
  MONTH TO DATE    4.37                      4.11   0.26     2.79
  SINCE MAR 1     10.39                      8.66   1.73     4.65
  SINCE JAN 1     23.38                     18.65   4.73    12.68

SNOWFALL (IN)
  TODAY            0.0

DEGREE DAYS
 HEATING
  TODAY            1                         2     -1        0
  MONTH TO DATE  189                       109     80       36
  SINCE MAR 1    457                       445     12      273
  SINCE JUL 1   2670                      2754    -84     1806

 COOLING
  TODAY            0                         3     -3        1
  MONTH TO DATE   12                        45    -33       91
  SINCE MAR 1     33                        62    -29      136
  SINCE JAN 1     55                        67    -12      165
..................................................................


WIND (MPH)
  HIGHEST WIND SPEED     9   HIGHEST WIND DIRECTION     W (270)
  HIGHEST GUST SPEED    11   HIGHEST GUST DIRECTION     W (250)
  AVERAGE WIND SPEED     2.7


SKY COVER
  POSSIBLE SUNSHINE  MM
  AVERAGE SKY COVER 0.2


WEATHER CONDITIONS
 THE FOLLOWING WEATHER WAS RECORDED TODAY.
  FOG
  FOG W/VISIBILITY <= 1/4 MILE


RELATIVE HUMIDITY (PERCENT)
 HIGHEST   100           100 AM
 LOWEST     36           300 PM
 AVERAGE    68

..........................................................


THE GREENVILLE CLIMATE NORMALS FOR TOMORROW
                         NORMAL    RECORD    YEAR
 MAXIMUM TEMPERATURE (F)   77        90      1925
 MINIMUM TEMPERATURE (F)   56        33      1910


SUNRISE AND SUNSET
APRIL 25 2018.........SUNRISE   622 AM CDT   SUNSET   742 PM CDT
APRIL 26 2018.........SUNRISE   621 AM CDT   SUNSET   743 PM CDT


-  INDICATES NEGATIVE NUMBERS.
R  INDICATES RECORD WAS SET OR TIED.
MM INDICATES DATA IS MISSING.
T  INDICATES TRACE AMOUNT.




$$
