991
CDUS44 KHGX 260717
CLIGLS


CLIMATE REPORT
NATIONAL WEATHER SERVICE HOUSTON/GALVESTON TX
216 AM CDT THU APR 26 2018


...................................

...THE GALVESTON CLIMATE SUMMARY FOR APRIL 25 2018...

CLIMATE NORMAL PERIOD 1981 TO 2010
CLIMATE RECORD PERIOD 1875 TO 2018


WEATHER ITEM   OBSERVED TIME   RECORD YEAR NORMAL DEPARTURE LAST
                VALUE   (LST)  VALUE       VALUE  FROM      YEAR
                                                  NORMAL
..................................................................
TEMPERATURE (F)
 YESTERDAY
  MAXIMUM         80    115 PM  87    2003  78      2       83
                                      1988
  MINIMUM         66    618 AM  45    1910  67     -1       72
  AVERAGE         73                        72      1       78

PRECIPITATION (IN)
  YESTERDAY        0.00          2.72 1881   0.08  -0.08     0.00
  MONTH TO DATE    1.89                      2.64  -0.75     1.32
  SINCE MAR 1      3.23                      5.80  -2.57     2.59
  SINCE JAN 1      7.39                     12.57  -5.18     6.86

SNOWFALL (IN)
  YESTERDAY        0.0          MM      MM  MM     MM        0.0
  MONTH TO DATE    0.0                      MM     MM        0.0
  SINCE MAR 1      0.0                      MM     MM        0.0
  SINCE JUL 1      T                         0.0    0.0      0.0
  SNOW DEPTH       0

DEGREE DAYS
 HEATING
  YESTERDAY        0                         0      0        0
  MONTH TO DATE   19                        16      3        0
  SINCE MAR 1     39                       119    -80       18
  SINCE JUL 1    816                      1007   -191      328

 COOLING
  YESTERDAY        8                         7      1       13
  MONTH TO DATE  124                       131     -7      250
  SINCE MAR 1    291                       184    107      448
  SINCE JAN 1    392                       201    191      626
..................................................................


WIND (MPH)
  RESULTANT WIND SPEED   7   RESULTANT WIND DIRECTION   S (200)
  HIGHEST WIND SPEED    22   HIGHEST WIND DIRECTION    NW (330)
  HIGHEST GUST SPEED    26   HIGHEST GUST DIRECTION     N (340)
  AVERAGE WIND SPEED     8.5


SKY COVER
  AVERAGE SKY COVER 0.1


WEATHER CONDITIONS
 THE FOLLOWING WEATHER WAS RECORDED YESTERDAY.
  NO SIGNIFICANT WEATHER WAS OBSERVED.


RELATIVE HUMIDITY (PERCENT)
 HIGHEST    93
 LOWEST     54
 AVERAGE    74

..........................................................


THE GALVESTON CLIMATE NORMALS FOR TODAY
                         NORMAL    RECORD    YEAR
 MAXIMUM TEMPERATURE (F)   78        84      2017
                                             2011
                                             1898
 MINIMUM TEMPERATURE (F)   67        57      1911


SUNRISE AND SUNSET
APRIL 26 2018.........SUNRISE   642 AM CDT   SUNSET   753 PM CDT
APRIL 27 2018.........SUNRISE   641 AM CDT   SUNSET   753 PM CDT


-  INDICATES NEGATIVE NUMBERS.
R  INDICATES RECORD WAS SET OR TIED.
MM INDICATES DATA IS MISSING.
T  INDICATES TRACE AMOUNT.




$$
