084
CDUS42 KJAX 232145
CLIGNV


CLIMATE REPORT
NATIONAL WEATHER SERVICE JACKSONVILLE FL
545 PM EDT MON APR 23 2018


...................................

...THE GAINESVILLE CLIMATE SUMMARY FOR APRIL 23 2018...
VALID TODAY AS OF 0500 PM LOCAL TIME.

CLIMATE NORMAL PERIOD 1981 TO 2010
CLIMATE RECORD PERIOD 1890 TO 2018


WEATHER ITEM   OBSERVED TIME   RECORD YEAR NORMAL DEPARTURE LAST
                VALUE   (LST)  VALUE       VALUE  FROM      YEAR
                                                  NORMAL
..................................................................
TEMPERATURE (F)
 TODAY
  MAXIMUM         87    202 PM  92    1970  82      5       89
                                      1964
  MINIMUM         71    656 AM  41    1993  56     15       62
  AVERAGE         79                        69     10       76

PRECIPITATION (IN)
  TODAY            0.52          2.95 1983   0.08   0.44     0.00
  MONTH TO DATE    7.49                      2.14   5.35     2.74
  SINCE MAR 1      9.90                      6.47   3.43     3.41
  SINCE JAN 1     15.80                     12.98   2.82     5.25

SNOWFALL (IN)
  TODAY            0.0           0.0    MM   0.0    0.0      0.0
  MONTH TO DATE    0.0                       0.0    0.0      0.0
  SINCE MAR 1      0.0                       0.0    0.0      0.0
  SINCE JUL 1      0.0                       0.0    0.0      0.0
  SNOW DEPTH       0

DEGREE DAYS
 HEATING
  TODAY            0                         1     -1        0
  MONTH TO DATE   17                        38    -21       18
  SINCE MAR 1    201                       175     26      143
  SINCE JUL 1   1104                      1209   -105      646

 COOLING
  TODAY           14                         5      9       11
  MONTH TO DATE  108                        82     26      116
  SINCE MAR 1    159                       136     23      189
  SINCE JAN 1    287                       168    119      273
..................................................................


WIND (MPH)
  HIGHEST WIND SPEED    21   HIGHEST WIND DIRECTION     W (260)
  HIGHEST GUST SPEED    28   HIGHEST GUST DIRECTION    SW (220)
  AVERAGE WIND SPEED     9.5


SKY COVER
  POSSIBLE SUNSHINE  MM
  AVERAGE SKY COVER 0.8


WEATHER CONDITIONS
 THE FOLLOWING WEATHER WAS RECORDED TODAY.
  HEAVY RAIN
  RAIN
  LIGHT RAIN
  FOG


RELATIVE HUMIDITY (PERCENT)
 HIGHEST    93           800 AM
 LOWEST     55           300 PM
 AVERAGE    74

..........................................................


THE GAINESVILLE CLIMATE NORMALS FOR TOMORROW
                         NORMAL    RECORD    YEAR
 MAXIMUM TEMPERATURE (F)   82        94      1999
 MINIMUM TEMPERATURE (F)   57        39      1993


SUNRISE AND SUNSET
APRIL 23 2018.........SUNRISE   654 AM EDT   SUNSET   801 PM EDT
APRIL 24 2018.........SUNRISE   653 AM EDT   SUNSET   802 PM EDT


-  INDICATES NEGATIVE NUMBERS.
R  INDICATES RECORD WAS SET OR TIED.
MM INDICATES DATA IS MISSING.
T  INDICATES TRACE AMOUNT.




$$
