000
CDUS45 KTFX 262240
CLIGTF


CLIMATE REPORT
NATIONAL WEATHER SERVICE GREAT FALLS MT
440 PM MDT THU APR 26 2018


...................................

...THE GREAT FALLS MT CLIMATE SUMMARY FOR APRIL 26 2018...
VALID TODAY AS OF 0400 PM LOCAL TIME.

CLIMATE NORMAL PERIOD 1981 TO 2010
CLIMATE RECORD PERIOD 1886 TO 2018


WEATHER ITEM   OBSERVED TIME   RECORD YEAR NORMAL DEPARTURE LAST
                VALUE   (LST)  VALUE       VALUE  FROM      YEAR
                                                  NORMAL
..................................................................
TEMPERATURE (F)
 TODAY
  MAXIMUM         73    257 PM  88    1910  59     14       54
  MINIMUM         32    315 AM  19    1960  33     -1       32
  AVERAGE         53                        46      7       43

PRECIPITATION (IN)
  TODAY            0.00          1.38 1975   0.05  -0.05     0.05
  MONTH TO DATE    1.47                      1.21   0.26     3.38
  SINCE OCT 1      7.08                      5.10   1.98     8.14
  SINCE JAN 1      4.22                      3.10   1.12     5.21

DEGREE DAYS
 HEATING
  TODAY           12                        19     -7       22
  MONTH TO DATE  745                       585    160      542
  SINCE MAR 1   1842                      1538    304     1381
  SINCE JUL 1   7731                      7043    688     7079

 COOLING
  TODAY            0                         0      0        0
  MONTH TO DATE    0                         0      0        0
  SINCE MAR 1      0                         0      0        0
  SINCE JAN 1      0                         0      0        0
..................................................................


WIND (MPH)
  HIGHEST WIND SPEED    17   HIGHEST WIND DIRECTION    SW (220)
  HIGHEST GUST SPEED    22   HIGHEST GUST DIRECTION    SW (230)
  AVERAGE WIND SPEED    10.1


SKY COVER
  AVERAGE SKY COVER 0.0


WEATHER CONDITIONS
 THE FOLLOWING WEATHER WAS RECORDED TODAY.
  NO SIGNIFICANT WEATHER WAS OBSERVED.


RELATIVE HUMIDITY (PERCENT)
 HIGHEST    75          1200 AM
 LOWEST     18           200 PM
 AVERAGE    47

..........................................................


THE GREAT FALLS MT CLIMATE NORMALS FOR TOMORROW
                         NORMAL    RECORD    YEAR
 MAXIMUM TEMPERATURE (F)   59        85      1987
 MINIMUM TEMPERATURE (F)   33        17      1984


SUNRISE AND SUNSET
APRIL 26 2018.........SUNRISE   617 AM MDT   SUNSET   830 PM MDT
APRIL 27 2018.........SUNRISE   615 AM MDT   SUNSET   832 PM MDT


-  INDICATES NEGATIVE NUMBERS.
R  INDICATES RECORD WAS SET OR TIED.
MM INDICATES DATA IS MISSING.
T  INDICATES TRACE AMOUNT.




$$
