000
CDUS46 KHNX 270024
CLIHJO


CLIMATE REPORT
NATIONAL WEATHER SERVICE SAN JOAQUIN VALLEY, CA
523 PM PDT THU APR 26 2018


...................................

...THE HANFORD CA CLIMATE SUMMARY FOR APRIL 26 2018...
VALID AS OF 0400 PM LOCAL TIME.

CLIMATE NORMAL PERIOD 1981 TO 2010
CLIMATE RECORD PERIOD 1998 TO 2018


WEATHER ITEM   OBSERVED TIME   RECORD YEAR NORMAL DEPARTURE LAST
                VALUE   (LST)  VALUE       VALUE  FROM      YEAR
                                                  NORMAL
..................................................................
TEMPERATURE (F)
 TODAY
  MAXIMUM         88    311 PM  96    2005  78     10       77
  MINIMUM         57    501 AM  41    2016  49      8       50
  AVERAGE         73                        64      9       64

PRECIPITATION (IN)
  TODAY            0.00          0.03 2006   0.02  -0.02     0.00
  MONTH TO DATE    0.29                      0.69  -0.40     1.03
  SINCE OCT 1      4.70                      9.22  -4.52    10.65
  SINCE JAN 1      4.29                      6.09  -1.80     7.78

SNOWFALL (IN)
  TODAY            0.0
  MONTH TO DATE    0.0
  SINCE MAR 1      0.0
  SINCE JUL 1      0.0
  SNOW DEPTH       0

DEGREE DAYS
 HEATING
  TODAY            0                                         1
  MONTH TO DATE   72                                       104
  SINCE MAR 1    360                                       350
  SINCE JUL 1   2030                                      2077

 COOLING
  TODAY            8                                         0
  MONTH TO DATE   61                                         2
  SINCE MAR 1     69                                        10
  SINCE JAN 1     69                                        10
..................................................................


WIND (MPH)
  HIGHEST WIND SPEED    12   HIGHEST WIND DIRECTION    NW (320)
  HIGHEST GUST SPEED    17   HIGHEST GUST DIRECTION    NW (310)
  AVERAGE WIND SPEED     6.8




RELATIVE HUMIDITY (PERCENT)
 HIGHEST    72
 LOWEST     22
 AVERAGE    47

..........................................................


THE HANFORD CA CLIMATE NORMALS FOR TOMORROW
                         NORMAL    RECORD    YEAR
 MAXIMUM TEMPERATURE (F)   79        98      2005
 MINIMUM TEMPERATURE (F)   49        44      2011


SUNRISE AND SUNSET
APRIL 26 2018.........SUNRISE   611 AM PDT   SUNSET   742 PM PDT
APRIL 27 2018.........SUNRISE   610 AM PDT   SUNSET   743 PM PDT


-  INDICATES NEGATIVE NUMBERS.
R  INDICATES RECORD WAS SET OR TIED.
MM INDICATES DATA IS MISSING.
T  INDICATES TRACE AMOUNT.




$$
