331
CDUS43 KGLD 200050
CLIHLC

CLIMATE REPORT
NATIONAL WEATHER SERVICE GOODLAND
649 PM MDT THU APR 19 2018


...................................

...THE HILL CITY KS CLIMATE SUMMARY FOR APRIL 19 2018...
VALID TODAY AS OF 0600 PM LOCAL TIME.

CLIMATE NORMAL PERIOD 1981 TO 2010
CLIMATE RECORD PERIOD 1896 TO 2018


WEATHER ITEM   OBSERVED TIME   RECORD YEAR NORMAL DEPARTURE LAST
                VALUE   (LST)  VALUE       VALUE  FROM      YEAR
                                                  NORMAL
..................................................................
TEMPERATURE (F)
 TODAY
  MAXIMUM         62    446 PM  94    1946  67     -5       86
  MINIMUM         24    605 AM  23    1953  39    -15       57
  AVERAGE         43                        53    -10       72

PRECIPITATION (IN)
  TODAY            0.00                      0.07  -0.07     0.00
  MONTH TO DATE    0.02                      1.18  -1.16     0.87
  SINCE MAR 1      0.43                      2.81  -2.38     2.97
  SINCE JAN 1      1.25                      3.78  -2.53     4.04

..................................................................

THE HILL CITY KS CLIMATE NORMALS FOR TOMORROW
                         NORMAL    RECORD    YEAR
 MAXIMUM TEMPERATURE (F)   67        92      1910
 MINIMUM TEMPERATURE (F)   39        20      1953



-  INDICATES NEGATIVE NUMBERS.
R  INDICATES RECORD WAS SET OR TIED.
MM INDICATES DATA IS MISSING.
T  INDICATES TRACE AMOUNT.




$$
