000
CDUS41 KPBZ 252112
CLIHLG


CLIMATE REPORT
NATIONAL WEATHER SERVICE PITTSBURGH PA
512 PM EDT FRI MAY 25 2018


...................................

...THE WHEELING CLIMATE SUMMARY FOR MAY 25 2018...
VALID TODAY AS OF 0500 PM LOCAL TIME.

CLIMATE NORMAL PERIOD 1981 TO 2010
CLIMATE RECORD PERIOD 1878 TO 2018


WEATHER ITEM   OBSERVED TIME   RECORD YEAR NORMAL DEPARTURE LAST
                VALUE   (LST)  VALUE       VALUE  FROM      YEAR
                                                  NORMAL
..................................................................
TEMPERATURE (F)
 TODAY
  MAXIMUM         84    359 PM  91    1939  72     12       65
                                      1932
  MINIMUM         55    322 AM  30    1935  52      3       56
  AVERAGE         70                        62      8       61

PRECIPITATION (IN)
  TODAY            0.00          1.75 1918   0.15  -0.15     0.91
  MONTH TO DATE    3.00                      3.36  -0.36     5.03
  SINCE JAN 1     20.64                     14.33   6.31    17.40

DEGREE DAYS
 HEATING
  TODAY            0                         4     -4        4
  MONTH TO DATE   18                       169   -151      183
  SINCE MAR 1   1486                      1360    126     1188
  SINCE JUL 1   5466                      5527    -61     4544

 COOLING
  TODAY            5                         2      3        0
  MONTH TO DATE   89                        23     66       30
  SINCE MAR 1    103                        33     70       56
  SINCE JAN 1    108                        33     75       58
..................................................................


WIND (MPH)
  HIGHEST WIND SPEED    15   HIGHEST WIND DIRECTION    SW (220)
  HIGHEST GUST SPEED    18   HIGHEST GUST DIRECTION    SW (220)
  AVERAGE WIND SPEED     5.6


SKY COVER
  POSSIBLE SUNSHINE  MM
  AVERAGE SKY COVER 0.1


WEATHER CONDITIONS
 THE FOLLOWING WEATHER WAS RECORDED TODAY.
  NO SIGNIFICANT WEATHER WAS OBSERVED.


RELATIVE HUMIDITY (PERCENT)
 HIGHEST    80           200 AM
 LOWEST     44           400 PM
 AVERAGE    62

..........................................................


THE WHEELING CLIMATE NORMALS FOR TOMORROW
                         NORMAL    RECORD    YEAR
 MAXIMUM TEMPERATURE (F)   73        92      1939
 MINIMUM TEMPERATURE (F)   53        31      2013
                                             1941


SUNRISE AND SUNSET
MAY 25 2018...........SUNRISE   559 AM EDT   SUNSET   841 PM EDT
MAY 26 2018...........SUNRISE   558 AM EDT   SUNSET   841 PM EDT


-  INDICATES NEGATIVE NUMBERS.
R  INDICATES RECORD WAS SET OR TIED.
MM INDICATES DATA IS MISSING.
T  INDICATES TRACE AMOUNT.




$$
