000
CDUS44 KBRO 280629
CLIHRL


CLIMATE REPORT
NATIONAL WEATHER SERVICE BROWNSVILLE TX
129 AM CDT MON MAY 28 2018


...................................

...THE HARLINGEN CLIMATE SUMMARY FOR MAY 27 2018...

CLIMATE NORMAL PERIOD 1981 TO 2010
CLIMATE RECORD PERIOD 1912 TO 2018


WEATHER ITEM   OBSERVED TIME   RECORD YEAR NORMAL DEPARTURE LAST
                VALUE   (LST)  VALUE       VALUE  FROM      YEAR
                                                  NORMAL
..................................................................
TEMPERATURE (F)
 YESTERDAY
  MAXIMUM        100R   304 PM 100    2017  92      8      100
  MINIMUM         70    450 AM  59    1913  73     -3       79
  AVERAGE         85                        82      3       90

PRECIPITATION (IN)
  YESTERDAY        0.00          1.11 2007   0.09  -0.09     0.00
  MONTH TO DATE    0.34                      2.14  -1.80     0.18
  SINCE MAR 1      1.40                      5.10  -3.70     3.27
  SINCE JAN 1      4.05                      7.57  -3.52     4.58

SNOWFALL (IN)
  YESTERDAY        0.0
  MONTH TO DATE    0.0
  SINCE MAR 1      0.0
  SINCE JUL 1      1.0
  SNOW DEPTH       0

DEGREE DAYS
 HEATING
  YESTERDAY        0                         0      0        0
  MONTH TO DATE    0                         0      0        0
  SINCE MAR 1      4                        54    -50        4
  SINCE JUL 1    644                       622     22      234

 COOLING
  YESTERDAY       20                        17      3       25
  MONTH TO DATE  469                       416     53      431
  SINCE MAR 1    996                       905     91     1100
  SINCE JAN 1   1202                      1030    172     1467
..................................................................


WIND (MPH)
  HIGHEST WIND SPEED    21   HIGHEST WIND DIRECTION     E (110)
  HIGHEST GUST SPEED    28   HIGHEST GUST DIRECTION     E (110)
  AVERAGE WIND SPEED     9.5



WEATHER CONDITIONS
 THE FOLLOWING WEATHER WAS RECORDED YESTERDAY.
  NO SIGNIFICANT WEATHER WAS OBSERVED.


RELATIVE HUMIDITY (PERCENT)
 HIGHEST   100
 LOWEST     38
 AVERAGE    69

..........................................................


THE HARLINGEN CLIMATE NORMALS FOR TODAY
                         NORMAL    RECORD    YEAR
 MAXIMUM TEMPERATURE (F)   92       104      1973
 MINIMUM TEMPERATURE (F)   73        58      1913


SUNRISE AND SUNSET
MAY 28 2018...........SUNRISE   639 AM CDT   SUNSET   817 PM CDT
MAY 29 2018...........SUNRISE   639 AM CDT   SUNSET   818 PM CDT


-  INDICATES NEGATIVE NUMBERS.
R  INDICATES RECORD WAS SET OR TIED.
MM INDICATES DATA IS MISSING.
T  INDICATES TRACE AMOUNT.




$$
